Last updated on 2025-10-31 00:51:04 CET.
| Flavor | Version | Tinstall | Tcheck | Ttotal | Status | Flags | 
|---|---|---|---|---|---|---|
| r-devel-linux-x86_64-debian-clang | 1.0.2 | 133.60 | 162.36 | 295.96 | NOTE | |
| r-devel-linux-x86_64-debian-gcc | 1.0.2 | 113.68 | 123.00 | 236.68 | NOTE | |
| r-devel-linux-x86_64-fedora-clang | 1.0.2 | 225.00 | 254.76 | 479.76 | NOTE | |
| r-devel-linux-x86_64-fedora-gcc | 1.0.2 | 173.00 | 368.17 | 541.17 | NOTE | |
| r-devel-windows-x86_64 | 1.0.2 | 131.00 | 162.00 | 293.00 | NOTE | |
| r-patched-linux-x86_64 | 1.0.2 | 149.55 | 167.79 | 317.34 | NOTE | |
| r-release-linux-x86_64 | 1.0.2 | 154.01 | 166.84 | 320.85 | NOTE | |
| r-release-macos-arm64 | 1.0.2 | 71.00 | 106.00 | 177.00 | NOTE | |
| r-release-macos-x86_64 | 1.0.2 | 51.00 | 126.00 | 177.00 | NOTE | |
| r-release-windows-x86_64 | 1.0.2 | 136.00 | 161.00 | 297.00 | NOTE | |
| r-oldrel-macos-arm64 | 1.0.2 | 52.00 | 67.00 | 119.00 | NOTE | |
| r-oldrel-macos-x86_64 | 1.0.2 | 46.00 | 102.00 | 148.00 | NOTE | |
| r-oldrel-windows-x86_64 | 1.0.2 | 156.00 | 202.00 | 358.00 | NOTE | 
Version: 1.0.2
Check: CRAN incoming feasibility
Result: NOTE
  Maintainer: ‘Natalia Zemlianskaia <natasha.zemlianskaia@gmail.com>’
  
  No Authors@R field in DESCRIPTION.
  Please add one, modifying
    Authors@R: person(given = "Natalia",
                      family = "Zemlianskaia",
                      role = c("aut", "cre"),
                      email = "natasha.zemlianskaia@gmail.com")
  as necessary.
  
  The Description field contains
    details see Zemlianskaia et al. (2021) <arxiv:2103.13510>.
  Please refer to arXiv e-prints via their arXiv DOI <doi:10.48550/arXiv.YYMM.NNNNN>.
Flavors: r-devel-linux-x86_64-debian-clang, r-devel-linux-x86_64-debian-gcc
Version: 1.0.2
Check: C++ specification
Result: NOTE
    Specified C++11: please drop specification unless essential
Flavors: r-devel-linux-x86_64-debian-clang, r-devel-linux-x86_64-debian-gcc, r-devel-linux-x86_64-fedora-clang, r-devel-linux-x86_64-fedora-gcc, r-devel-windows-x86_64, r-patched-linux-x86_64, r-release-linux-x86_64, r-release-macos-arm64, r-release-macos-x86_64, r-release-windows-x86_64, r-oldrel-macos-arm64, r-oldrel-macos-x86_64, r-oldrel-windows-x86_64
Version: 1.0.2
Check: Rd files
Result: NOTE
  checkRd: (-1) gesso.cv.Rd:46: Lost braces in \itemize; \value handles \item{}{} directly
  checkRd: (-1) gesso.cv.Rd:47: Lost braces in \itemize; \value handles \item{}{} directly
  checkRd: (-1) gesso.cv.Rd:48: Lost braces in \itemize; \value handles \item{}{} directly
  checkRd: (-1) gesso.cv.Rd:49: Lost braces in \itemize; \value handles \item{}{} directly
  checkRd: (-1) gesso.cv.Rd:50: Lost braces in \itemize; \value handles \item{}{} directly
Flavors: r-devel-linux-x86_64-debian-clang, r-devel-linux-x86_64-debian-gcc, r-devel-linux-x86_64-fedora-clang, r-devel-linux-x86_64-fedora-gcc, r-devel-windows-x86_64, r-patched-linux-x86_64, r-release-linux-x86_64, r-release-macos-arm64, r-release-macos-x86_64, r-release-windows-x86_64, r-oldrel-macos-arm64, r-oldrel-macos-x86_64, r-oldrel-windows-x86_64
Version: 1.0.2
Check: installed package size
Result: NOTE
    installed size is 33.2Mb
    sub-directories of 1Mb or more:
      libs  32.9Mb
Flavors: r-oldrel-macos-arm64, r-oldrel-macos-x86_64