Last updated on 2025-10-31 00:51:20 CET.
| Flavor | Version | Tinstall | Tcheck | Ttotal | Status | Flags | 
|---|---|---|---|---|---|---|
| r-devel-linux-x86_64-debian-clang | 0.2.3 | 1.94 | 33.35 | 35.29 | NOTE | |
| r-devel-linux-x86_64-debian-gcc | 0.2.3 | 1.61 | 25.86 | 27.47 | NOTE | |
| r-devel-linux-x86_64-fedora-clang | 0.2.3 | 52.25 | NOTE | |||
| r-devel-linux-x86_64-fedora-gcc | 0.2.3 | 14.00 | 53.72 | 67.72 | NOTE | |
| r-devel-windows-x86_64 | 0.2.3 | 3.00 | 58.00 | 61.00 | NOTE | |
| r-patched-linux-x86_64 | 0.2.3 | 2.07 | 30.44 | 32.51 | NOTE | |
| r-release-linux-x86_64 | 0.2.3 | 1.77 | 30.04 | 31.81 | NOTE | |
| r-release-macos-arm64 | 0.2.3 | 1.00 | 31.00 | 32.00 | NOTE | |
| r-release-macos-x86_64 | 0.2.3 | 2.00 | 44.00 | 46.00 | NOTE | |
| r-release-windows-x86_64 | 0.2.3 | 4.00 | 59.00 | 63.00 | NOTE | |
| r-oldrel-macos-arm64 | 0.2.3 | 1.00 | 23.00 | 24.00 | OK | |
| r-oldrel-macos-x86_64 | 0.2.3 | 2.00 | 36.00 | 38.00 | OK | |
| r-oldrel-windows-x86_64 | 0.2.3 | 4.00 | 65.00 | 69.00 | OK | 
Version: 0.2.3
Check: CRAN incoming feasibility
Result: NOTE
  Maintainer: ‘Magnus Thor Torfason <m@zulutime.net>’
  
  No Authors@R field in DESCRIPTION.
  Please add one, modifying
    Authors@R: person(given = c("Magnus", "Thor"),
                      family = "Torfason",
                      role = c("aut", "cre"),
                      email = "m@zulutime.net")
  as necessary.
Flavors: r-devel-linux-x86_64-debian-clang, r-devel-linux-x86_64-debian-gcc
Version: 0.2.3
Check: DESCRIPTION meta-information
Result: NOTE
    Missing dependency on R >= 4.1.0 because package code uses the pipe
    |> or function shorthand \(...) syntax added in R 4.1.0.
    File(s) using such syntax:
      ‘notate.R’
Flavors: r-devel-linux-x86_64-debian-clang, r-devel-linux-x86_64-debian-gcc, r-devel-linux-x86_64-fedora-clang, r-devel-linux-x86_64-fedora-gcc, r-devel-windows-x86_64, r-patched-linux-x86_64, r-release-linux-x86_64, r-release-macos-arm64, r-release-macos-x86_64, r-release-windows-x86_64