Last updated on 2024-06-15 01:51:27 CEST.
Flavor | Version | Tinstall | Tcheck | Ttotal | Status | Flags |
---|---|---|---|---|---|---|
r-devel-linux-x86_64-debian-clang | 2.0.0 | 3.75 | 60.65 | 64.40 | OK | |
r-devel-linux-x86_64-debian-gcc | 2.0.0 | 4.73 | 45.66 | 50.39 | OK | |
r-devel-linux-x86_64-fedora-clang | 2.0.0 | 84.48 | NOTE | |||
r-devel-linux-x86_64-fedora-gcc | 2.0.0 | 95.82 | NOTE | |||
r-devel-windows-x86_64 | 2.0.0 | 5.00 | 71.00 | 76.00 | OK | |
r-patched-linux-x86_64 | 2.0.0 | 5.33 | 57.25 | 62.58 | OK | |
r-release-linux-x86_64 | 2.0.0 | 3.65 | 57.29 | 60.94 | OK | |
r-release-macos-arm64 | 2.0.0 | 49.00 | OK | |||
r-release-macos-x86_64 | 2.0.0 | 66.00 | OK | |||
r-release-windows-x86_64 | 2.0.0 | 7.00 | 77.00 | 84.00 | OK | |
r-oldrel-macos-arm64 | 2.0.0 | 45.00 | OK | |||
r-oldrel-macos-x86_64 | 2.0.0 | 75.00 | OK | |||
r-oldrel-windows-x86_64 | 2.0.0 | 8.00 | 78.00 | 86.00 | OK |
Version: 2.0.0
Check: data for non-ASCII characters
Result: NOTE
Note: found 76 marked UTF-8 strings
Flavors: r-devel-linux-x86_64-fedora-clang, r-devel-linux-x86_64-fedora-gcc