Last updated on 2025-10-31 00:51:20 CET.
| Flavor | Version | Tinstall | Tcheck | Ttotal | Status | Flags | 
|---|---|---|---|---|---|---|
| r-devel-linux-x86_64-debian-clang | 1.3.1 | 14.65 | 116.86 | 131.51 | NOTE | |
| r-devel-linux-x86_64-debian-gcc | 1.3.1 | 12.55 | 80.38 | 92.93 | NOTE | |
| r-devel-linux-x86_64-fedora-clang | 1.3.1 | 32.00 | 176.63 | 208.63 | OK | |
| r-devel-linux-x86_64-fedora-gcc | 1.3.1 | 29.00 | 159.85 | 188.85 | OK | |
| r-devel-windows-x86_64 | 1.3.1 | 17.00 | 112.00 | 129.00 | OK | |
| r-patched-linux-x86_64 | 1.3.1 | 15.16 | 108.98 | 124.14 | OK | |
| r-release-linux-x86_64 | 1.3.1 | 14.68 | 108.85 | 123.53 | OK | |
| r-release-macos-arm64 | 1.3.1 | 6.00 | 43.00 | 49.00 | OK | |
| r-release-macos-x86_64 | 1.3.1 | 11.00 | 81.00 | 92.00 | OK | |
| r-release-windows-x86_64 | 1.3.1 | 16.00 | 112.00 | 128.00 | OK | |
| r-oldrel-macos-arm64 | 1.3.1 | 6.00 | 46.00 | 52.00 | OK | |
| r-oldrel-macos-x86_64 | 1.3.1 | 9.00 | 63.00 | 72.00 | OK | |
| r-oldrel-windows-x86_64 | 1.3.1 | 22.00 | 147.00 | 169.00 | OK | 
Version: 1.3.1
Check: CRAN incoming feasibility
Result: NOTE
  Maintainer: ‘Emanuele Guidotti <emanuele.guidotti@hotmail.it>’
  
  No Authors@R field in DESCRIPTION.
  Please add one, modifying
    Authors@R: c(person(given = c("YUIMA", "Project"),
                        family = "Team",
                        role = "aut"),
                 person(given = "Emanuele",
                        family = "Guidotti",
                        role = "cre",
                        email = "emanuele.guidotti@hotmail.it"))
  as necessary.
  
  Package CITATION file contains call(s) to old-style personList() or
  as.personList().  Please use c() on person objects instead.
  Package CITATION file contains call(s) to old-style citEntry().  Please
  use bibentry() instead.
Flavors: r-devel-linux-x86_64-debian-clang, r-devel-linux-x86_64-debian-gcc