Last updated on 2025-02-22 00:50:05 CET.
Flavor | Version | Tinstall | Tcheck | Ttotal | Status | Flags |
---|---|---|---|---|---|---|
r-devel-linux-x86_64-debian-clang | 1.15.27 | 106.34 | 203.09 | 309.43 | NOTE | |
r-devel-linux-x86_64-debian-gcc | 1.15.27 | 74.44 | 119.22 | 193.66 | NOTE | |
r-devel-linux-x86_64-fedora-clang | 1.15.27 | 518.11 | OK | |||
r-devel-linux-x86_64-fedora-gcc | 1.15.27 | 494.82 | OK | |||
r-devel-macos-arm64 | 1.15.27 | 114.00 | OK | |||
r-devel-macos-x86_64 | 1.15.27 | 269.00 | OK | |||
r-devel-windows-x86_64 | 1.15.27 | 112.00 | 247.00 | 359.00 | NOTE | |
r-patched-linux-x86_64 | 1.15.27 | 115.88 | 189.40 | 305.28 | OK | |
r-release-linux-x86_64 | 1.15.27 | 112.03 | 190.79 | 302.82 | OK | |
r-release-macos-arm64 | 1.15.27 | 119.00 | NOTE | |||
r-release-macos-x86_64 | 1.15.27 | 208.00 | NOTE | |||
r-release-windows-x86_64 | 1.15.27 | 115.00 | 244.00 | 359.00 | OK | |
r-oldrel-macos-arm64 | 1.15.27 | 128.00 | NOTE | |||
r-oldrel-macos-x86_64 | 1.15.27 | 299.00 | NOTE | |||
r-oldrel-windows-x86_64 | 1.15.27 | 147.00 | 303.00 | 450.00 | OK |
Version: 1.15.27
Check: Rd cross-references
Result: NOTE
Found the following Rd file(s) with Rd \link{} targets missing package
anchors:
cce.factor.Rd: glassoFast
cogarch.est.incr.rd: zoo
llag.Rd: zoo
llag.test.Rd: boot
setData.Rd: zoo
wllag.Rd: zoo
yuima-class.Rd: zoo
yuima.carma.qmle-class.Rd: zoo
yuima.data-class.Rd: zoo
Please provide package anchors for all Rd \link{} targets not in the
package itself and the base packages.
Flavors: r-devel-linux-x86_64-debian-clang, r-devel-linux-x86_64-debian-gcc, r-devel-windows-x86_64
Version: 1.15.27
Check: installed package size
Result: NOTE
installed size is 8.7Mb
sub-directories of 1Mb or more:
R 3.0Mb
libs 4.6Mb
Flavors: r-release-macos-arm64, r-release-macos-x86_64, r-oldrel-macos-arm64, r-oldrel-macos-x86_64