Last updated on 2025-02-22 00:50:05 CET.
Flavor | Version | Tinstall | Tcheck | Ttotal | Status | Flags |
---|---|---|---|---|---|---|
r-devel-linux-x86_64-debian-clang | 0.1.4 | 49.60 | 18.92 | 68.52 | OK | |
r-devel-linux-x86_64-debian-gcc | 0.1.4 | 40.16 | 15.81 | 55.97 | OK | |
r-devel-linux-x86_64-fedora-clang | 0.1.4 | 111.14 | OK | |||
r-devel-linux-x86_64-fedora-gcc | 0.1.4 | 110.15 | OK | |||
r-devel-macos-arm64 | 0.1.4 | 43.00 | OK | |||
r-devel-macos-x86_64 | 0.1.4 | 71.00 | OK | |||
r-devel-windows-x86_64 | 0.1.4 | 79.00 | 64.00 | 143.00 | OK | |
r-patched-linux-x86_64 | 0.1.4 | 51.44 | 18.35 | 69.79 | OK | |
r-release-linux-x86_64 | 0.1.4 | 51.52 | 18.28 | 69.80 | OK | |
r-release-macos-arm64 | 0.1.4 | 51.00 | NOTE | |||
r-release-macos-x86_64 | 0.1.4 | 66.00 | NOTE | |||
r-release-windows-x86_64 | 0.1.4 | 77.00 | 60.00 | 137.00 | OK | |
r-oldrel-macos-arm64 | 0.1.4 | 57.00 | NOTE | |||
r-oldrel-macos-x86_64 | 0.1.4 | 68.00 | NOTE | |||
r-oldrel-windows-x86_64 | 0.1.4 | 83.00 | 69.00 | 152.00 | OK |
Version: 0.1.4
Check: installed package size
Result: NOTE
installed size is 7.7Mb
sub-directories of 1Mb or more:
libs 7.6Mb
Flavors: r-release-macos-arm64, r-release-macos-x86_64, r-oldrel-macos-arm64, r-oldrel-macos-x86_64