Last updated on 2024-08-25 02:48:38 CEST.
Flavor | Version | Tinstall | Tcheck | Ttotal | Status | Flags |
---|---|---|---|---|---|---|
r-devel-linux-x86_64-debian-clang | 0.1.1 | 51.39 | 18.94 | 70.33 | OK | |
r-devel-linux-x86_64-debian-gcc | 0.1.2 | 42.13 | 15.24 | 57.37 | OK | |
r-devel-linux-x86_64-fedora-clang | 0.1.2 | 110.50 | OK | |||
r-devel-linux-x86_64-fedora-gcc | 0.1.2 | 114.07 | OK | |||
r-devel-windows-x86_64 | 0.1.1 | 90.00 | 55.00 | 145.00 | OK | |
r-patched-linux-x86_64 | 0.1.1 | 52.56 | 18.10 | 70.66 | OK | |
r-release-linux-x86_64 | 0.1.1 | 51.59 | 18.14 | 69.73 | OK | |
r-release-macos-arm64 | 0.1.2 | 53.00 | NOTE | |||
r-release-macos-x86_64 | 0.1.2 | 93.00 | NOTE | |||
r-release-windows-x86_64 | 0.1.2 | 91.00 | 66.00 | 157.00 | OK | |
r-oldrel-macos-arm64 | 0.1.2 | 58.00 | NOTE | |||
r-oldrel-macos-x86_64 | 0.1.2 | 43.00 | ERROR | |||
r-oldrel-windows-x86_64 | 0.1.1 | 78.00 | 69.00 | 147.00 | OK |
Version: 0.1.2
Check: installed package size
Result: NOTE
installed size is 7.7Mb
sub-directories of 1Mb or more:
libs 7.6Mb
Flavors: r-release-macos-arm64, r-release-macos-x86_64, r-oldrel-macos-arm64
Version: 0.1.2
Check: whether package can be installed
Result: ERROR
Installation failed.
Flavor: r-oldrel-macos-x86_64