Last updated on 2025-10-31 00:51:20 CET.
| Flavor | Version | Tinstall | Tcheck | Ttotal | Status | Flags | 
|---|---|---|---|---|---|---|
| r-devel-linux-x86_64-debian-clang | 1.0.5 | 1.41 | 21.45 | 22.86 | NOTE | |
| r-devel-linux-x86_64-debian-gcc | 1.0.5 | 1.39 | 17.91 | 19.30 | NOTE | |
| r-devel-linux-x86_64-fedora-clang | 1.0.5 | 32.69 | OK | |||
| r-devel-linux-x86_64-fedora-gcc | 1.0.5 | 30.45 | OK | |||
| r-devel-windows-x86_64 | 1.0.5 | 2.00 | 160860.00 | 160862.00 | OK | |
| r-patched-linux-x86_64 | 1.0.5 | 1.65 | 19.15 | 20.80 | OK | |
| r-release-linux-x86_64 | 1.0.5 | 1.28 | 18.97 | 20.25 | OK | |
| r-release-macos-arm64 | 1.0.5 | 1.00 | 15.00 | 16.00 | OK | |
| r-release-macos-x86_64 | 1.0.5 | 2.00 | 22.00 | 24.00 | OK | |
| r-release-windows-x86_64 | 1.0.5 | 3.00 | 48.00 | 51.00 | OK | |
| r-oldrel-macos-arm64 | 1.0.5 | 1.00 | 17.00 | 18.00 | NOTE | |
| r-oldrel-macos-x86_64 | 1.0.5 | 1.00 | 25.00 | 26.00 | NOTE | |
| r-oldrel-windows-x86_64 | 1.0.5 | 3.00 | 43.00 | 46.00 | NOTE | 
Version: 1.0.5
Check: CRAN incoming feasibility
Result: NOTE
  Maintainer: ‘Gábor Csárdi <csardi.gabor@gmail.com>’
  
  No Authors@R field in DESCRIPTION.
  Please add one, modifying
    Authors@R: person(given = "Gábor",
                      family = "Csárdi",
                      role = c("aut", "cre"),
                      email = "csardi.gabor@gmail.com")
  as necessary.
Flavors: r-devel-linux-x86_64-debian-clang, r-devel-linux-x86_64-debian-gcc
Version: 1.0.5
Check: LazyData
Result: NOTE
    'LazyData' is specified without a 'data' directory
Flavors: r-oldrel-macos-arm64, r-oldrel-macos-x86_64, r-oldrel-windows-x86_64