Last updated on 2025-10-31 00:51:20 CET.
| Flavor | Version | Tinstall | Tcheck | Ttotal | Status | Flags | 
|---|---|---|---|---|---|---|
| r-devel-linux-x86_64-debian-clang | 1.1-3 | 1.87 | 42.84 | 44.71 | OK | |
| r-devel-linux-x86_64-debian-gcc | 1.1-3 | 1.56 | 34.72 | 36.28 | OK | |
| r-devel-linux-x86_64-fedora-clang | 1.1-3 | 62.68 | OK | |||
| r-devel-linux-x86_64-fedora-gcc | 1.1-3 | 59.37 | OK | |||
| r-devel-windows-x86_64 | 1.1-3 | 5.00 | 67.00 | 72.00 | OK | |
| r-patched-linux-x86_64 | 1.1-3 | 1.78 | 41.52 | 43.30 | OK | |
| r-release-linux-x86_64 | 1.1-3 | 1.84 | 41.36 | 43.20 | OK | |
| r-release-macos-arm64 | 1.1-3 | 2.00 | 28.00 | 30.00 | OK | |
| r-release-macos-x86_64 | 1.1-3 | 2.00 | 43.00 | 45.00 | OK | |
| r-release-windows-x86_64 | 1.1-3 | 8.00 | 68.00 | 76.00 | OK | |
| r-oldrel-macos-arm64 | 1.1-3 | 2.00 | 33.00 | 35.00 | NOTE | |
| r-oldrel-macos-x86_64 | 1.1-3 | 2.00 | 40.00 | 42.00 | NOTE | |
| r-oldrel-windows-x86_64 | 1.1-3 | 6.00 | 77.00 | 83.00 | NOTE | 
Version: 1.1-3
Check: installed package size
Result: NOTE
    installed size is 11.3Mb
    sub-directories of 1Mb or more:
      data  11.2Mb
Flavors: r-oldrel-macos-arm64, r-oldrel-macos-x86_64, r-oldrel-windows-x86_64