Last updated on 2024-06-05 02:48:02 CEST.
Flavor | Version | Tinstall | Tcheck | Ttotal | Status | Flags |
---|---|---|---|---|---|---|
r-devel-linux-x86_64-debian-clang | 2.4.2 | 12.33 | 111.75 | 124.08 | OK | |
r-devel-linux-x86_64-debian-gcc | 2.4.2 | 8.50 | 79.91 | 88.41 | OK | |
r-devel-linux-x86_64-fedora-clang | 2.4.2 | 153.40 | NOTE | |||
r-devel-linux-x86_64-fedora-gcc | 2.4.2 | 164.31 | OK | |||
r-devel-windows-x86_64 | 2.4.2 | 13.00 | 98.00 | 111.00 | OK | |
r-patched-linux-x86_64 | 2.4.2 | 11.27 | 103.54 | 114.81 | OK | |
r-release-linux-x86_64 | 2.4.2 | 10.45 | 103.32 | 113.77 | OK | |
r-release-macos-arm64 | 2.4.2 | 47.00 | OK | |||
r-release-macos-x86_64 | 2.4.2 | 81.00 | OK | |||
r-release-windows-x86_64 | 2.4.2 | 12.00 | 103.00 | 115.00 | OK | |
r-oldrel-macos-arm64 | 2.4.2 | 50.00 | OK | |||
r-oldrel-macos-x86_64 | 2.4.2 | 78.00 | OK | |||
r-oldrel-windows-x86_64 | 2.4.2 | 15.00 | 112.00 | 127.00 | OK |
Version: 2.4.2
Check: package dependencies
Result: NOTE
Imports includes 31 non-default packages.
Importing from so many packages makes the package vulnerable to any of
them becoming unavailable. Move as many as possible to Suggests and
use conditionally.
Flavor: r-devel-linux-x86_64-fedora-clang