Last updated on 2024-08-25 02:48:38 CEST.
Flavor | Version | Tinstall | Tcheck | Ttotal | Status | Flags |
---|---|---|---|---|---|---|
r-devel-linux-x86_64-debian-clang | 0.4.0 | 2.11 | 28.46 | 30.57 | OK | |
r-devel-linux-x86_64-debian-gcc | 0.4.0 | 2.02 | 21.70 | 23.72 | OK | |
r-devel-linux-x86_64-fedora-clang | 0.4.0 | 50.89 | NOTE | |||
r-devel-linux-x86_64-fedora-gcc | 0.4.0 | 60.57 | OK | |||
r-devel-windows-x86_64 | 0.4.0 | 5.00 | 52.00 | 57.00 | OK | |
r-patched-linux-x86_64 | 0.4.0 | 2.53 | 27.11 | 29.64 | OK | |
r-release-linux-x86_64 | 0.4.0 | 2.61 | 27.23 | 29.84 | OK | |
r-release-macos-arm64 | 0.4.0 | 26.00 | OK | |||
r-release-macos-x86_64 | 0.4.0 | 37.00 | OK | |||
r-release-windows-x86_64 | 0.4.0 | 5.00 | 53.00 | 58.00 | OK | |
r-oldrel-macos-arm64 | 0.4.0 | 28.00 | OK | |||
r-oldrel-macos-x86_64 | 0.4.0 | 35.00 | OK | |||
r-oldrel-windows-x86_64 | 0.4.0 | 5.00 | 55.00 | 60.00 | OK |
Version: 0.4.0
Check: Rd cross-references
Result: NOTE
Undeclared package ‘httr’ in Rd xrefs
Flavor: r-devel-linux-x86_64-fedora-clang