Last updated on 2024-07-22 01:49:38 CEST.
Flavor | Version | Tinstall | Tcheck | Ttotal | Status | Flags |
---|---|---|---|---|---|---|
r-devel-linux-x86_64-debian-clang | 2.0-1 | 7.18 | 74.63 | 81.81 | OK | |
r-devel-linux-x86_64-debian-gcc | 2.0-1 | 6.09 | 55.90 | 61.99 | NOTE | |
r-devel-linux-x86_64-fedora-clang | 2.0-1 | 104.38 | OK | |||
r-devel-linux-x86_64-fedora-gcc | 2.0-1 | 109.45 | OK | |||
r-devel-windows-x86_64 | 2.0-1 | 11.00 | 83.00 | 94.00 | NOTE | |
r-patched-linux-x86_64 | 2.0-1 | 13.23 | 71.33 | 84.56 | OK | |
r-release-linux-x86_64 | 2.0-1 | 7.59 | 70.57 | 78.16 | OK | |
r-release-macos-arm64 | 2.0-1 | 42.00 | OK | |||
r-release-macos-x86_64 | 2.0-1 | 59.00 | OK | |||
r-release-windows-x86_64 | 2.0-1 | 9.00 | 82.00 | 91.00 | OK | |
r-oldrel-macos-arm64 | 2.0-1 | 41.00 | OK | |||
r-oldrel-macos-x86_64 | 2.0-1 | 59.00 | OK | |||
r-oldrel-windows-x86_64 | 2.0-1 | 12.00 | 91.00 | 103.00 | OK |
Version: 2.0-1
Check: Rd cross-references
Result: NOTE
Found the following Rd file(s) with Rd \link{} targets missing package
anchors:
wgaim-package.Rd: qtl-package
Please provide package anchors for all Rd \link{} targets not in the
package itself and the base packages.
Flavors: r-devel-linux-x86_64-debian-gcc, r-devel-windows-x86_64