Last updated on 2025-10-31 00:51:20 CET.
| Flavor | Version | Tinstall | Tcheck | Ttotal | Status | Flags | 
|---|---|---|---|---|---|---|
| r-devel-linux-x86_64-debian-clang | 0.4-1 | 3.90 | 36.28 | 40.18 | NOTE | |
| r-devel-linux-x86_64-debian-gcc | 0.4-1 | 2.48 | 27.96 | 30.44 | NOTE | |
| r-devel-linux-x86_64-fedora-clang | 0.4-1 | 58.91 | OK | |||
| r-devel-linux-x86_64-fedora-gcc | 0.4-1 | 55.25 | OK | |||
| r-devel-windows-x86_64 | 0.4-1 | 6.00 | 57.00 | 63.00 | OK | |
| r-patched-linux-x86_64 | 0.4-1 | 3.88 | 34.04 | 37.92 | OK | |
| r-release-linux-x86_64 | 0.4-1 | 3.79 | 33.98 | 37.77 | OK | |
| r-release-macos-arm64 | 0.4-1 | 2.00 | 21.00 | 23.00 | OK | |
| r-release-macos-x86_64 | 0.4-1 | 3.00 | 36.00 | 39.00 | OK | |
| r-release-windows-x86_64 | 0.4-1 | 6.00 | 59.00 | 65.00 | OK | |
| r-oldrel-macos-arm64 | 0.4-1 | 2.00 | 21.00 | 23.00 | OK | |
| r-oldrel-macos-x86_64 | 0.4-1 | 3.00 | 30.00 | 33.00 | OK | |
| r-oldrel-windows-x86_64 | 0.4-1 | 7.00 | 66.00 | 73.00 | OK | 
Version: 0.4-1
Check: CRAN incoming feasibility
Result: NOTE
  Maintainer: ‘Rense Nieuwenhuis <rense.nieuwenhuis@sofi.su.se>’
  
  No Authors@R field in DESCRIPTION.
  Please add one, modifying
    Authors@R: c(person(given = "Rense",
                        family = "Nieuwenhuis",
                        role = c("aut", "cre"),
                        email = "rense.nieuwenhuis@sofi.su.se"),
                 person(given = c("Manfred", "te"),
                        family = "Grotenhuis",
                        role = "aut"),
                 person(given = "Ben",
                        family = "Pelzer",
                        role = "aut"),
                 person(given = "Alexander",
                        family = "Schmidt",
                        role = "aut"),
                 person(given = "Ruben",
                        family = "Konig",
                        role = "aut"),
                 person(given = "Rob",
                        family = "Eisinga",
                        role = "aut"))
  as necessary.
  
  Package CITATION file contains call(s) to old-style personList() or
  as.personList().  Please use c() on person objects instead.
  Package CITATION file contains call(s) to old-style citEntry().  Please
  use bibentry() instead.
Flavors: r-devel-linux-x86_64-debian-clang, r-devel-linux-x86_64-debian-gcc