Last updated on 2025-02-22 00:50:04 CET.
Flavor | Version | Tinstall | Tcheck | Ttotal | Status | Flags |
---|---|---|---|---|---|---|
r-devel-linux-x86_64-debian-clang | 1.1-5 | 0.59 | 1.94 | 2.53 | ERROR | |
r-devel-linux-x86_64-debian-gcc | 1.1-5 | 34.64 | 314.67 | 349.31 | OK | |
r-devel-linux-x86_64-fedora-clang | 1.1-5 | 910.31 | OK | |||
r-devel-linux-x86_64-fedora-gcc | 1.1-5 | 890.91 | OK | |||
r-devel-macos-arm64 | 1.1-5 | 204.00 | OK | |||
r-devel-macos-x86_64 | 1.1-5 | 251.00 | OK | |||
r-devel-windows-x86_64 | 1.1-5 | 40.00 | 394.00 | 434.00 | OK | |
r-patched-linux-x86_64 | 1.1-5 | 37.73 | 477.32 | 515.05 | OK | |
r-release-linux-x86_64 | 1.1-5 | 37.52 | 475.26 | 512.78 | OK | |
r-release-macos-arm64 | 1.1-5 | 111.00 | OK | |||
r-release-macos-x86_64 | 1.1-5 | 297.00 | OK | |||
r-release-windows-x86_64 | 1.1-5 | 39.00 | 397.00 | 436.00 | OK | |
r-oldrel-macos-arm64 | 1.1-5 | 135.00 | OK | |||
r-oldrel-macos-x86_64 | 1.1-5 | 245.00 | OK | |||
r-oldrel-windows-x86_64 | 1.1-5 | 44.00 | 504.00 | 548.00 | OK |
Version: 1.1-5
Check: package dependencies
Result: ERROR
Package required but not available: ‘rstanarm’
See section ‘The DESCRIPTION file’ in the ‘Writing R Extensions’
manual.
Flavor: r-devel-linux-x86_64-debian-clang