Last updated on 2025-02-22 00:50:04 CET.
Flavor | Version | Tinstall | Tcheck | Ttotal | Status | Flags |
---|---|---|---|---|---|---|
r-devel-linux-x86_64-debian-clang | 0.8.1 | 33.85 | 174.65 | 208.50 | NOTE | |
r-devel-linux-x86_64-debian-gcc | 0.8.1 | 25.68 | 125.81 | 151.49 | NOTE | |
r-devel-linux-x86_64-fedora-clang | 0.8.1 | 324.77 | NOTE | |||
r-devel-linux-x86_64-fedora-gcc | 0.8.1 | 310.85 | NOTE | |||
r-devel-macos-arm64 | 0.8.1 | 66.00 | NOTE | |||
r-devel-macos-x86_64 | 0.8.1 | 162.00 | NOTE | |||
r-devel-windows-x86_64 | 0.8.1 | 26.00 | 162.00 | 188.00 | NOTE | |
r-patched-linux-x86_64 | 0.8.1 | 33.15 | 166.35 | 199.50 | NOTE | |
r-release-linux-x86_64 | 0.8.1 | 31.22 | 168.05 | 199.27 | NOTE | |
r-release-macos-arm64 | 0.8.1 | 55.00 | NOTE | |||
r-release-macos-x86_64 | 0.8.1 | 89.00 | NOTE | |||
r-release-windows-x86_64 | 0.8.1 | 25.00 | 155.00 | 180.00 | NOTE | |
r-oldrel-macos-arm64 | 0.8.1 | 63.00 | NOTE | |||
r-oldrel-macos-x86_64 | 0.8.1 | 102.00 | NOTE | |||
r-oldrel-windows-x86_64 | 0.8.1 | 34.00 | 183.00 | 217.00 | NOTE |
Version: 0.8.1
Check: package subdirectories
Result: NOTE
Problems with news in ‘NEWS.md’:
No news entries found.
Flavors: r-devel-linux-x86_64-debian-clang, r-devel-linux-x86_64-debian-gcc, r-devel-linux-x86_64-fedora-clang, r-devel-linux-x86_64-fedora-gcc, r-devel-macos-arm64, r-devel-macos-x86_64, r-devel-windows-x86_64, r-patched-linux-x86_64, r-release-linux-x86_64, r-release-macos-arm64, r-release-macos-x86_64, r-release-windows-x86_64, r-oldrel-macos-arm64, r-oldrel-macos-x86_64, r-oldrel-windows-x86_64