Last updated on 2024-06-15 01:51:26 CEST.
Flavor | Version | Tinstall | Tcheck | Ttotal | Status | Flags |
---|---|---|---|---|---|---|
r-devel-linux-x86_64-debian-clang | 0.5.4 | 7.51 | 59.13 | 66.64 | OK | |
r-devel-linux-x86_64-debian-gcc | 0.6.0 | 4.88 | 44.15 | 49.03 | OK | |
r-devel-linux-x86_64-fedora-clang | 0.6.0 | 72.53 | OK | |||
r-devel-linux-x86_64-fedora-gcc | 0.6.0 | 98.91 | OK | |||
r-devel-windows-x86_64 | 0.6.0 | 4.00 | 9.00 | 13.00 | ERROR | |
r-patched-linux-x86_64 | 0.5.4 | 7.46 | 56.29 | 63.75 | OK | |
r-release-linux-x86_64 | 0.5.4 | 5.97 | 56.06 | 62.03 | OK | |
r-release-macos-arm64 | 0.6.0 | 37.00 | OK | |||
r-release-macos-x86_64 | 0.6.0 | 78.00 | OK | |||
r-release-windows-x86_64 | 0.6.0 | 7.00 | 67.00 | 74.00 | OK | |
r-oldrel-macos-arm64 | 0.6.0 | 40.00 | OK | |||
r-oldrel-macos-x86_64 | 0.6.0 | 73.00 | OK | |||
r-oldrel-windows-x86_64 | 0.6.0 | 9.00 | 69.00 | 78.00 | OK |
Version: 0.6.0
Check: whether package can be installed
Result: ERROR
Installation failed.
Flavor: r-devel-windows-x86_64