Last updated on 2025-10-31 00:51:19 CET.
| Flavor | Version | Tinstall | Tcheck | Ttotal | Status | Flags | 
|---|---|---|---|---|---|---|
| r-devel-linux-x86_64-debian-clang | 4.0.1 | 2.74 | 30.16 | 32.90 | OK | |
| r-devel-linux-x86_64-debian-gcc | 4.0.1 | 2.08 | 23.88 | 25.96 | OK | |
| r-devel-linux-x86_64-fedora-clang | 4.0.1 | 46.20 | OK | |||
| r-devel-linux-x86_64-fedora-gcc | 4.0.1 | 44.20 | OK | |||
| r-devel-windows-x86_64 | 4.0.1 | 6.00 | 51.00 | 57.00 | OK | |
| r-patched-linux-x86_64 | 4.0.1 | 3.07 | 27.50 | 30.57 | OK | |
| r-release-linux-x86_64 | 4.0.1 | 2.52 | 27.36 | 29.88 | OK | |
| r-release-macos-arm64 | 4.0.1 | 1.00 | 23.00 | 24.00 | OK | |
| r-release-macos-x86_64 | 4.0.1 | 2.00 | 36.00 | 38.00 | OK | |
| r-release-windows-x86_64 | 4.0.1 | 7.00 | 53.00 | 60.00 | OK | |
| r-oldrel-macos-arm64 | 4.0.1 | 1.00 | 189.00 | 190.00 | NOTE | |
| r-oldrel-macos-x86_64 | 4.0.1 | 2.00 | 197.00 | 199.00 | NOTE | |
| r-oldrel-windows-x86_64 | 4.0.1 | 7.00 | 59.00 | 66.00 | NOTE | 
Version: 4.0.1
Check: installed package size
Result: NOTE
    installed size is  6.6Mb
    sub-directories of 1Mb or more:
      help          1.3Mb
      htmlwidgets   5.3Mb
Flavors: r-oldrel-macos-arm64, r-oldrel-macos-x86_64, r-oldrel-windows-x86_64