Last updated on 2025-10-31 00:51:19 CET.
| Flavor | Version | Tinstall | Tcheck | Ttotal | Status | Flags | 
|---|---|---|---|---|---|---|
| r-devel-linux-x86_64-debian-clang | 0.4.2 | 1.56 | 22.88 | 24.44 | NOTE | |
| r-devel-linux-x86_64-debian-gcc | 0.4.2 | 1.15 | 18.95 | 20.10 | NOTE | |
| r-devel-linux-x86_64-fedora-clang | 0.4.2 | 36.18 | NOTE | |||
| r-devel-linux-x86_64-fedora-gcc | 0.4.2 | 35.25 | NOTE | |||
| r-devel-windows-x86_64 | 0.4.2 | 4.00 | 41.00 | 45.00 | NOTE | |
| r-patched-linux-x86_64 | 0.4.2 | 1.32 | 21.92 | 23.24 | NOTE | |
| r-release-linux-x86_64 | 0.4.2 | 1.07 | 21.86 | 22.93 | NOTE | |
| r-release-macos-arm64 | 0.4.2 | 1.00 | 16.00 | 17.00 | ERROR | |
| r-release-macos-x86_64 | 0.4.2 | 1.00 | 25.00 | 26.00 | ERROR | |
| r-release-windows-x86_64 | 0.4.2 | 5.00 | 44.00 | 49.00 | NOTE | |
| r-oldrel-macos-arm64 | 0.4.2 | 1.00 | 19.00 | 20.00 | NOTE | |
| r-oldrel-macos-x86_64 | 0.4.2 | 2.00 | 23.00 | 25.00 | NOTE | |
| r-oldrel-windows-x86_64 | 0.4.2 | 4.00 | 49.00 | 53.00 | NOTE | 
Version: 0.4.2
Check: Rd files
Result: NOTE
  checkRd: (-1) viridis.Rd:50: Lost braces in \itemize; meant \describe ?
  checkRd: (-1) viridis.Rd:51: Lost braces in \itemize; meant \describe ?
  checkRd: (-1) viridis.Rd:52: Lost braces in \itemize; meant \describe ?
  checkRd: (-1) viridis.Rd:53: Lost braces in \itemize; meant \describe ?
  checkRd: (-1) viridis.Rd:54: Lost braces in \itemize; meant \describe ?
  checkRd: (-1) viridis.Rd:55: Lost braces in \itemize; meant \describe ?
  checkRd: (-1) viridis.Rd:56: Lost braces in \itemize; meant \describe ?
  checkRd: (-1) viridis.Rd:57: Lost braces in \itemize; meant \describe ?
  checkRd: (-1) viridis.map.Rd:24-30: Lost braces in \itemize; meant \describe ?
  checkRd: (-1) viridis.map.Rd:31-34: Lost braces in \itemize; meant \describe ?
  checkRd: (-1) viridis.map.Rd:35: Lost braces in \itemize; meant \describe ?
  checkRd: (-1) viridis.map.Rd:36-37: Lost braces in \itemize; meant \describe ?
  checkRd: (-1) viridis.map.Rd:10: Lost braces in \itemize; meant \describe ?
  checkRd: (-1) viridis.map.Rd:11: Lost braces in \itemize; meant \describe ?
  checkRd: (-1) viridis.map.Rd:12: Lost braces in \itemize; meant \describe ?
  checkRd: (-1) viridis.map.Rd:13-14: Lost braces in \itemize; meant \describe ?
  checkRd: (-1) viridis.map.Rd:42: Lost braces in \itemize; meant \describe ?
  checkRd: (-1) viridis.map.Rd:43: Lost braces in \itemize; meant \describe ?
  checkRd: (-1) viridis.map.Rd:44: Lost braces in \itemize; meant \describe ?
  checkRd: (-1) viridis.map.Rd:45: Lost braces in \itemize; meant \describe ?
Flavors: r-devel-linux-x86_64-debian-clang, r-devel-linux-x86_64-debian-gcc, r-devel-linux-x86_64-fedora-clang, r-devel-linux-x86_64-fedora-gcc, r-devel-windows-x86_64, r-patched-linux-x86_64, r-release-linux-x86_64, r-release-macos-arm64, r-release-macos-x86_64, r-release-windows-x86_64, r-oldrel-macos-arm64, r-oldrel-macos-x86_64, r-oldrel-windows-x86_64
Version: 0.4.2
Check: examples
Result: ERROR
  Running examples in ‘viridisLite-Ex.R’ failed
  The error most likely occurred in:
  
  > ### Name: viridis
  > ### Title: Viridis Color Palettes
  > ### Aliases: viridis viridisMap magma inferno plasma cividis rocket mako
  > ###   turbo
  > 
  > ### ** Examples
  > 
  > library(ggplot2)
  > library(hexbin)
  > 
  > dat <- data.frame(x = rnorm(10000), y = rnorm(10000))
  > 
  > ggplot(dat, aes(x = x, y = y)) +
  +   geom_hex() + coord_fixed() +
  +   scale_fill_gradientn(colours = viridis(256, option = "D"))
  Error in loadNamespace(x) : there is no package called ‘farver’
  Calls: scale_fill_gradientn ... loadNamespace -> withRestarts -> withOneRestart -> doWithOneRestart
  Execution halted
Flavors: r-release-macos-arm64, r-release-macos-x86_64