Last updated on 2024-06-16 01:49:42 CEST.
Flavor | Version | Tinstall | Tcheck | Ttotal | Status | Flags |
---|---|---|---|---|---|---|
r-devel-linux-x86_64-debian-clang | 0.7.2 | 4.55 | 84.88 | 89.43 | OK | |
r-devel-linux-x86_64-debian-gcc | 0.7.2 | 3.20 | 59.80 | 63.00 | OK | |
r-devel-linux-x86_64-fedora-clang | 0.7.2 | 115.36 | NOTE | |||
r-devel-linux-x86_64-fedora-gcc | 0.7.2 | 117.94 | NOTE | |||
r-devel-windows-x86_64 | 0.7.2 | 5.00 | 84.00 | 89.00 | OK | |
r-patched-linux-x86_64 | 0.7.2 | 2.78 | 82.30 | 85.08 | OK | |
r-release-linux-x86_64 | 0.7.2 | 2.55 | 80.86 | 83.41 | OK | |
r-release-macos-arm64 | 0.7.2 | 40.00 | OK | |||
r-release-macos-x86_64 | 0.7.2 | 52.00 | OK | |||
r-release-windows-x86_64 | 0.7.2 | 6.00 | 84.00 | 90.00 | OK | |
r-oldrel-macos-arm64 | 0.7.2 | 38.00 | OK | |||
r-oldrel-macos-x86_64 | 0.7.2 | 67.00 | OK | |||
r-oldrel-windows-x86_64 | 0.7.2 | 6.00 | 101.00 | 107.00 | OK |
Version: 0.7.2
Check: dependencies in R code
Result: NOTE
Namespace in Imports field not imported from: ‘testthat’
All declared Imports should be used.
Flavors: r-devel-linux-x86_64-fedora-clang, r-devel-linux-x86_64-fedora-gcc