Last updated on 2025-10-31 00:51:19 CET.
| Flavor | Version | Tinstall | Tcheck | Ttotal | Status | Flags | 
|---|---|---|---|---|---|---|
| r-devel-linux-x86_64-debian-clang | 1.0.5 | 1.72 | 20.67 | 22.39 | NOTE | |
| r-devel-linux-x86_64-debian-gcc | 1.0.5 | 1.32 | 17.84 | 19.16 | NOTE | |
| r-devel-linux-x86_64-fedora-clang | 1.0.5 | 33.01 | OK | |||
| r-devel-linux-x86_64-fedora-gcc | 1.0.5 | 31.50 | OK | |||
| r-devel-windows-x86_64 | 1.0.5 | 2.00 | 44.00 | 46.00 | OK | |
| r-patched-linux-x86_64 | 1.0.5 | 1.62 | 18.82 | 20.44 | OK | |
| r-release-linux-x86_64 | 1.0.5 | 1.66 | 18.64 | 20.30 | OK | |
| r-release-macos-arm64 | 1.0.5 | 1.00 | 14.00 | 15.00 | OK | |
| r-release-macos-x86_64 | 1.0.5 | 2.00 | 22.00 | 24.00 | OK | |
| r-release-windows-x86_64 | 1.0.5 | 4.00 | 44.00 | 48.00 | OK | |
| r-oldrel-macos-arm64 | 1.0.5 | 1.00 | 14.00 | 15.00 | NOTE | |
| r-oldrel-macos-x86_64 | 1.0.5 | 1.00 | 20.00 | 21.00 | NOTE | |
| r-oldrel-windows-x86_64 | 1.0.5 | 3.00 | 48.00 | 51.00 | NOTE | 
Version: 1.0.5
Check: CRAN incoming feasibility
Result: NOTE
  Maintainer: ‘Irucka Embry <iembry@ecoccs.com>’
  
  No Authors@R field in DESCRIPTION.
  Please add one, modifying
    Authors@R: person(given = "Irucka",
                      family = "Embry",
                      role = c("aut", "cre"),
                      email = "iembry@ecoccs.com")
  as necessary.
  
  Found the following (possibly) invalid file URI:
    URI: info@vaers.org
      From: README.md
Flavors: r-devel-linux-x86_64-debian-clang, r-devel-linux-x86_64-debian-gcc
Version: 1.0.5
Check: package dependencies
Result: NOTE
  Packages suggested but not available for checking: 'vaers', 'vaersND'
Flavors: r-oldrel-macos-arm64, r-oldrel-macos-x86_64, r-oldrel-windows-x86_64