Last updated on 2025-10-31 00:51:19 CET.
| Flavor | Version | Tinstall | Tcheck | Ttotal | Status | Flags | 
|---|---|---|---|---|---|---|
| r-devel-linux-x86_64-debian-clang | 0.2.0 | 6.60 | 62.42 | 69.02 | NOTE | |
| r-devel-linux-x86_64-debian-gcc | 0.2.0 | 5.03 | 44.43 | 49.46 | NOTE | |
| r-devel-linux-x86_64-fedora-clang | 0.2.0 | 17.00 | 90.40 | 107.40 | NOTE | |
| r-devel-linux-x86_64-fedora-gcc | 0.2.0 | 14.00 | 101.16 | 115.16 | NOTE | |
| r-devel-windows-x86_64 | 0.2.0 | 8.00 | 84.00 | 92.00 | NOTE | |
| r-patched-linux-x86_64 | 0.2.0 | 5.82 | 58.36 | 64.18 | NOTE | |
| r-release-linux-x86_64 | 0.2.0 | 5.88 | 58.10 | 63.98 | NOTE | |
| r-release-macos-arm64 | 0.2.0 | 3.00 | 33.00 | 36.00 | NOTE | |
| r-release-macos-x86_64 | 0.2.0 | 5.00 | 65.00 | 70.00 | NOTE | |
| r-release-windows-x86_64 | 0.2.0 | 10.00 | 84.00 | 94.00 | NOTE | |
| r-oldrel-macos-arm64 | 0.2.0 | 2.00 | 32.00 | 34.00 | OK | |
| r-oldrel-macos-x86_64 | 0.2.0 | 4.00 | 50.00 | 54.00 | OK | |
| r-oldrel-windows-x86_64 | 0.2.0 | 12.00 | 98.00 | 110.00 | OK | 
Version: 0.2.0
Check: DESCRIPTION meta-information
Result: NOTE
    Missing dependency on R >= 4.1.0 because package code uses the pipe
    |> or function shorthand \(...) syntax added in R 4.1.0.
    File(s) using such syntax:
      ‘benchmark_event.R’ ‘benchmark_event.Rd’ ‘benchmark_score.R’
      ‘benchmark_score.Rd’ ‘benchmark_time.R’
      ‘compare_means_between_groups.R’ ‘compare_means_between_groups.Rd’
      ‘compare_means_within_groups.R’ ‘compare_rates_between_groups.R’
      ‘compare_rates_between_groups.Rd’ ‘compare_rates_within_groups.R’
      ‘get_concordant_discordant_pairs.R’
      ‘get_confidence_intervals_within_groups.R’
      ‘table_observed_expected.R’ ‘test_chisq_one.R’ ‘test_chisq_one.Rd’
      ‘test_chisq_two.Rd’ ‘test_fisher.Rd’ ‘test_mcnemar.R’
      ‘test_n_1_prop.R’ ‘test_n_1_prop.Rd’ ‘test_t.R’ ‘test_t_paired.R’
Flavors: r-devel-linux-x86_64-debian-clang, r-devel-linux-x86_64-debian-gcc, r-devel-linux-x86_64-fedora-clang, r-devel-linux-x86_64-fedora-gcc, r-devel-windows-x86_64, r-patched-linux-x86_64, r-release-linux-x86_64, r-release-macos-arm64, r-release-windows-x86_64
Version: 0.2.0
Check: DESCRIPTION meta-information
Result: NOTE
    Missing dependency on R >= 4.1.0 because package code uses the pipe
    |> or function shorthand \(...) syntax added in R 4.1.0.
    File(s) using such syntax:
      ‘benchmark_event.R’ ‘benchmark_score.R’ ‘benchmark_time.R’
      ‘compare_means_between_groups.R’ ‘compare_means_within_groups.R’
      ‘compare_rates_between_groups.R’ ‘compare_rates_within_groups.R’
      ‘get_concordant_discordant_pairs.R’
      ‘get_confidence_intervals_within_groups.R’
      ‘table_observed_expected.R’ ‘test_chisq_one.R’ ‘test_mcnemar.R’
      ‘test_n_1_prop.R’ ‘test_t.R’ ‘test_t_paired.R’
Flavor: r-release-macos-x86_64