Last updated on 2025-10-31 00:51:19 CET.
| Flavor | Version | Tinstall | Tcheck | Ttotal | Status | Flags | 
|---|---|---|---|---|---|---|
| r-devel-linux-x86_64-debian-clang | 0.1.0 | 1.61 | 18.37 | 19.98 | NOTE | |
| r-devel-linux-x86_64-debian-gcc | 0.1.0 | 1.42 | 15.43 | 16.85 | NOTE | |
| r-devel-linux-x86_64-fedora-clang | 0.1.0 | 29.33 | OK | |||
| r-devel-linux-x86_64-fedora-gcc | 0.1.0 | 28.49 | OK | |||
| r-devel-windows-x86_64 | 0.1.0 | 2.00 | 37.00 | 39.00 | OK | |
| r-patched-linux-x86_64 | 0.1.0 | 1.59 | 17.42 | 19.01 | OK | |
| r-release-linux-x86_64 | 0.1.0 | 1.61 | 17.68 | 19.29 | OK | |
| r-release-macos-arm64 | 0.1.0 | 1.00 | 14.00 | 15.00 | OK | |
| r-release-macos-x86_64 | 0.1.0 | 2.00 | 19.00 | 21.00 | OK | |
| r-release-windows-x86_64 | 0.1.0 | 4.00 | 40.00 | 44.00 | OK | |
| r-oldrel-macos-arm64 | 0.1.0 | 1.00 | 13.00 | 14.00 | OK | |
| r-oldrel-macos-x86_64 | 0.1.0 | 1.00 | 18.00 | 19.00 | OK | |
| r-oldrel-windows-x86_64 | 0.1.0 | 3.00 | 42.00 | 45.00 | OK | 
Version: 0.1.0
Check: CRAN incoming feasibility
Result: NOTE
  Maintainer: ‘Ben Derrick <ben.derrick@uwe.ac.uk>’
  
  No Authors@R field in DESCRIPTION.
  Please add one, modifying
    Authors@R: person(given = "Ben",
                      family = "Derrick",
                      role = c("aut", "cre"),
                      email = "ben.derrick@uwe.ac.uk")
  as necessary.
Flavors: r-devel-linux-x86_64-debian-clang, r-devel-linux-x86_64-debian-gcc