Last updated on 2025-10-31 00:51:19 CET.
| Flavor | Version | Tinstall | Tcheck | Ttotal | Status | Flags | 
|---|---|---|---|---|---|---|
| r-devel-linux-x86_64-debian-clang | 2.1-7 | 35.32 | 239.75 | 275.07 | NOTE | |
| r-devel-linux-x86_64-debian-gcc | 2.1-7 | 18.94 | 147.72 | 166.66 | NOTE | |
| r-devel-linux-x86_64-fedora-clang | 2.1-7 | 74.00 | 360.72 | 434.72 | OK | |
| r-devel-linux-x86_64-fedora-gcc | 2.1-7 | 69.00 | 345.91 | 414.91 | OK | |
| r-devel-windows-x86_64 | 2.1-7 | 30.00 | 184.00 | 214.00 | OK | |
| r-patched-linux-x86_64 | 2.1-7 | 30.51 | 227.22 | 257.73 | OK | |
| r-release-linux-x86_64 | 2.1-7 | 33.46 | 227.77 | 261.23 | OK | |
| r-release-macos-arm64 | 2.1-7 | 13.00 | 79.00 | 92.00 | OK | |
| r-release-macos-x86_64 | 2.1-7 | 28.00 | 200.00 | 228.00 | OK | |
| r-release-windows-x86_64 | 2.1-7 | 31.00 | 185.00 | 216.00 | OK | |
| r-oldrel-macos-arm64 | 2.1-7 | 12.00 | 74.00 | 86.00 | OK | |
| r-oldrel-macos-x86_64 | 2.1-7 | 33.00 | 143.00 | 176.00 | OK | |
| r-oldrel-windows-x86_64 | 2.1-7 | 43.00 | 238.00 | 281.00 | OK | 
Version: 2.1-7
Check: CRAN incoming feasibility
Result: NOTE
  Maintainer: ‘Babak Naimi <naimi.b@gmail.com>’
  
  No Authors@R field in DESCRIPTION.
  Please add one, modifying
    Authors@R: person(given = "Babak",
                      family = "Naimi",
                      role = c("aut", "cre"),
                      email = "naimi.b@gmail.com")
  as necessary.
Flavors: r-devel-linux-x86_64-debian-clang, r-devel-linux-x86_64-debian-gcc