CRAN Package Check Results for Package usdatasets

Last updated on 2025-04-16 02:50:45 CEST.

Flavor Version Tinstall Tcheck Ttotal Status Flags
r-devel-linux-x86_64-debian-clang 0.1.0 6.31 45.90 52.21 OK
r-devel-linux-x86_64-debian-gcc 0.1.0 4.59 32.62 37.21 OK
r-devel-linux-x86_64-fedora-clang 0.1.0 81.18 OK
r-devel-linux-x86_64-fedora-gcc 0.1.0 94.63 OK
r-devel-windows-x86_64 0.1.0 9.00 73.00 82.00 OK
r-patched-linux-x86_64 0.1.0 7.04 43.72 50.76 OK
r-release-linux-x86_64 0.1.0 5.01 44.91 49.92 OK
r-release-macos-arm64 0.1.0 43.00 OK
r-release-macos-x86_64 0.1.0 69.00 OK
r-release-windows-x86_64 0.1.0 8.00 74.00 82.00 OK
r-oldrel-macos-arm64 0.1.0 50.00 OK
r-oldrel-macos-x86_64 0.1.0 63.00 NOTE
r-oldrel-windows-x86_64 0.1.0 10.00 83.00 93.00 OK

Check Details

Version: 0.1.0
Check: installed package size
Result: NOTE installed size is 5.6Mb sub-directories of 1Mb or more: R 2.6Mb data 2.6Mb Flavor: r-oldrel-macos-x86_64