Last updated on 2025-10-31 00:51:19 CET.
| Flavor | Version | Tinstall | Tcheck | Ttotal | Status | Flags | 
|---|---|---|---|---|---|---|
| r-devel-linux-x86_64-debian-clang | 0.4 | 7.68 | 64.67 | 72.35 | NOTE | |
| r-devel-linux-x86_64-debian-gcc | 0.4 | 5.08 | 48.96 | 54.04 | NOTE | |
| r-devel-linux-x86_64-fedora-clang | 0.4 | 15.00 | 94.70 | 109.70 | OK | |
| r-devel-linux-x86_64-fedora-gcc | 0.4 | 15.00 | 91.67 | 106.67 | OK | |
| r-devel-windows-x86_64 | 0.4 | 11.00 | 81.00 | 92.00 | OK | |
| r-patched-linux-x86_64 | 0.4 | 5.46 | 62.87 | 68.33 | OK | |
| r-release-linux-x86_64 | 0.4 | 7.29 | 62.44 | 69.73 | OK | |
| r-release-macos-arm64 | 0.4 | 3.00 | 27.00 | 30.00 | OK | |
| r-release-macos-x86_64 | 0.4 | 6.00 | 45.00 | 51.00 | OK | |
| r-release-windows-x86_64 | 0.4 | 10.00 | 84.00 | 94.00 | OK | |
| r-oldrel-macos-arm64 | 0.4 | 3.00 | 27.00 | 30.00 | OK | |
| r-oldrel-macos-x86_64 | 0.4 | 5.00 | 38.00 | 43.00 | OK | |
| r-oldrel-windows-x86_64 | 0.4 | 12.00 | 99.00 | 111.00 | OK | 
Version: 0.4
Check: CRAN incoming feasibility
Result: NOTE
  Maintainer: ‘Marcello D'Orazio <mdo.statmatch@gmail.com>’
  
  No Authors@R field in DESCRIPTION.
  Please add one, modifying
    Authors@R: person(given = "Marcello",
                      family = "D'Orazio",
                      role = c("aut", "cre"),
                      email = "mdo.statmatch@gmail.com")
  as necessary.
Flavors: r-devel-linux-x86_64-debian-clang, r-devel-linux-x86_64-debian-gcc