Last updated on 2025-02-22 00:50:04 CET.
Flavor | Version | Tinstall | Tcheck | Ttotal | Status | Flags |
---|---|---|---|---|---|---|
r-devel-linux-x86_64-debian-clang | 1.0.1 | 1.58 | 34.61 | 36.19 | OK | |
r-devel-linux-x86_64-debian-gcc | 1.0.1 | 1.44 | 27.18 | 28.62 | OK | |
r-devel-linux-x86_64-fedora-clang | 1.0.1 | 62.73 | OK | |||
r-devel-linux-x86_64-fedora-gcc | 1.0.1 | 71.26 | OK | |||
r-devel-macos-arm64 | 1.0.1 | 30.00 | OK | |||
r-devel-macos-x86_64 | 1.0.1 | 53.00 | OK | |||
r-devel-windows-x86_64 | 1.0.1 | 4.00 | 66.00 | 70.00 | OK | |
r-patched-linux-x86_64 | 1.0.1 | 1.55 | 33.28 | 34.83 | NOTE | |
r-release-linux-x86_64 | 1.0.1 | 1.64 | 32.91 | 34.55 | NOTE | |
r-release-macos-arm64 | 1.0.1 | 28.00 | NOTE | |||
r-release-macos-x86_64 | 1.0.1 | 42.00 | NOTE | |||
r-release-windows-x86_64 | 1.0.1 | 3.00 | 59.00 | 62.00 | NOTE | |
r-oldrel-macos-arm64 | 1.0.1 | 29.00 | NOTE | |||
r-oldrel-macos-x86_64 | 1.0.1 | 44.00 | NOTE | |||
r-oldrel-windows-x86_64 | 1.0.1 | 4.00 | 61.00 | 65.00 | NOTE |
Version: 1.0.1
Check: LazyData
Result: NOTE
'LazyData' is specified without a 'data' directory
Flavors: r-patched-linux-x86_64, r-release-linux-x86_64, r-release-macos-arm64, r-release-macos-x86_64, r-release-windows-x86_64, r-oldrel-macos-arm64, r-oldrel-macos-x86_64, r-oldrel-windows-x86_64