Last updated on 2025-10-31 00:51:19 CET.
| Flavor | Version | Tinstall | Tcheck | Ttotal | Status | Flags | 
|---|---|---|---|---|---|---|
| r-devel-linux-x86_64-debian-clang | 1.0.0 | 2.29 | 26.93 | 29.22 | NOTE | |
| r-devel-linux-x86_64-debian-gcc | 1.0.0 | 1.68 | 22.05 | 23.73 | NOTE | |
| r-devel-linux-x86_64-fedora-clang | 1.0.0 | 43.76 | OK | |||
| r-devel-linux-x86_64-fedora-gcc | 1.0.0 | 42.09 | OK | |||
| r-devel-windows-x86_64 | 1.0.0 | 3.00 | 45.00 | 48.00 | OK | |
| r-patched-linux-x86_64 | 1.0.0 | 2.61 | 25.95 | 28.56 | OK | |
| r-release-linux-x86_64 | 1.0.0 | 2.29 | 26.07 | 28.36 | OK | |
| r-release-macos-arm64 | 1.0.0 | 1.00 | 19.00 | 20.00 | OK | |
| r-release-macos-x86_64 | 1.0.0 | 2.00 | 28.00 | 30.00 | OK | |
| r-release-windows-x86_64 | 1.0.0 | 4.00 | 49.00 | 53.00 | OK | |
| r-oldrel-macos-arm64 | 1.0.0 | 1.00 | 18.00 | 19.00 | OK | |
| r-oldrel-macos-x86_64 | 1.0.0 | 2.00 | 24.00 | 26.00 | OK | |
| r-oldrel-windows-x86_64 | 1.0.0 | 4.00 | 57.00 | 61.00 | OK | 
Version: 1.0.0
Check: CRAN incoming feasibility
Result: NOTE
  Maintainer: ‘Higor Cotta <cotta.higor@gmail.com>’
  
  No Authors@R field in DESCRIPTION.
  Please add one, modifying
    Authors@R: c(person(given = "Higor",
                        family = "Cotta",
                        role = c("aut", "cre"),
                        email = "cotta.higor@gmail.com"),
                 person(given = "Valderio",
                        family = "Reisen",
                        role = "aut"),
                 person(given = "Pascal",
                        family = "Bondon",
                        role = "aut"),
                 person(given = "Céline",
                        family = "Lévy-Leduc",
                        role = "aut"))
  as necessary.
Flavors: r-devel-linux-x86_64-debian-clang, r-devel-linux-x86_64-debian-gcc