CRAN Package Check Results for Package truncSP

Last updated on 2025-02-22 00:50:03 CET.

Flavor Version Tinstall Tcheck Ttotal Status Flags
r-devel-linux-x86_64-debian-clang 1.2.2 3.98 37.60 41.58 NOTE
r-devel-linux-x86_64-debian-gcc 1.2.2 2.81 29.00 31.81 NOTE
r-devel-linux-x86_64-fedora-clang 1.2.2 71.57 NOTE
r-devel-linux-x86_64-fedora-gcc 1.2.2 63.94 NOTE
r-devel-macos-arm64 1.2.2 26.00 NOTE
r-devel-macos-x86_64 1.2.2 41.00 NOTE
r-devel-windows-x86_64 1.2.2 5.00 65.00 70.00 NOTE
r-patched-linux-x86_64 1.2.2 4.71 36.23 40.94 NOTE
r-release-linux-x86_64 1.2.2 4.19 36.03 40.22 NOTE
r-release-macos-arm64 1.2.2 24.00 NOTE
r-release-macos-x86_64 1.2.2 36.00 NOTE
r-release-windows-x86_64 1.2.2 5.00 63.00 68.00 NOTE
r-oldrel-macos-arm64 1.2.2 26.00 NOTE
r-oldrel-macos-x86_64 1.2.2 38.00 NOTE
r-oldrel-windows-x86_64 1.2.2 6.00 85.00 91.00 NOTE

Check Details

Version: 1.2.2
Check: DESCRIPTION meta-information
Result: NOTE Malformed Description field: should contain one or more complete sentences. Flavors: r-devel-linux-x86_64-debian-clang, r-devel-linux-x86_64-debian-gcc, r-devel-linux-x86_64-fedora-clang, r-devel-linux-x86_64-fedora-gcc, r-devel-macos-arm64, r-devel-macos-x86_64, r-devel-windows-x86_64, r-patched-linux-x86_64, r-release-linux-x86_64, r-release-macos-arm64, r-release-macos-x86_64, r-release-windows-x86_64, r-oldrel-macos-arm64, r-oldrel-macos-x86_64, r-oldrel-windows-x86_64