Last updated on 2025-10-31 00:51:19 CET.
| Flavor | Version | Tinstall | Tcheck | Ttotal | Status | Flags | 
|---|---|---|---|---|---|---|
| r-devel-linux-x86_64-debian-clang | 0.4.1 | 45.48 | 32.55 | 78.03 | NOTE | |
| r-devel-linux-x86_64-debian-gcc | 0.4.1 | 38.52 | 25.90 | 64.42 | NOTE | |
| r-devel-linux-x86_64-fedora-clang | 0.4.1 | 85.00 | 59.54 | 144.54 | OK | |
| r-devel-linux-x86_64-fedora-gcc | 0.4.1 | 159.00 | 19.46 | 178.46 | OK | |
| r-devel-windows-x86_64 | 0.4.1 | 56.00 | 72.00 | 128.00 | OK | |
| r-patched-linux-x86_64 | 0.4.1 | 46.25 | 30.92 | 77.17 | OK | |
| r-release-linux-x86_64 | 0.4.1 | 49.51 | 30.42 | 79.93 | OK | |
| r-release-macos-arm64 | 0.4.1 | 19.00 | 29.00 | 48.00 | OK | |
| r-release-macos-x86_64 | 0.4.1 | 20.00 | 61.00 | 81.00 | OK | |
| r-release-windows-x86_64 | 0.4.1 | 58.00 | 77.00 | 135.00 | OK | |
| r-oldrel-macos-arm64 | 0.4.1 | 20.00 | 32.00 | 52.00 | OK | |
| r-oldrel-macos-x86_64 | 0.4.1 | 19.00 | 52.00 | 71.00 | OK | |
| r-oldrel-windows-x86_64 | 0.4.1 | 59.00 | 92.00 | 151.00 | OK | 
Version: 0.4.1
Check: CRAN incoming feasibility
Result: NOTE
  Maintainer: ‘Os Keyes <ironholds@gmail.com>’
  
  No Authors@R field in DESCRIPTION.
  Please add one, modifying
    Authors@R: c(person(given = "Os",
                        family = "Keyes",
                        role = c("aut", "cre"),
                        email = "ironholds@gmail.com"),
                 person(given = "Drew",
                        family = "Schmidt",
                        role = "aut"),
                 person(given = "Yuuki",
                        family = "Takano",
                        role = "cph"))
  as necessary.
Flavors: r-devel-linux-x86_64-debian-clang, r-devel-linux-x86_64-debian-gcc