Last updated on 2024-08-25 02:48:37 CEST.
Flavor | Version | Tinstall | Tcheck | Ttotal | Status | Flags |
---|---|---|---|---|---|---|
r-devel-linux-x86_64-debian-clang | 0.2.2 | 3.95 | 83.68 | 87.63 | NOTE | |
r-devel-linux-x86_64-debian-gcc | 0.2.2 | 2.41 | 63.70 | 66.11 | NOTE | |
r-devel-linux-x86_64-fedora-clang | 0.2.2 | 152.21 | NOTE | |||
r-devel-linux-x86_64-fedora-gcc | 0.2.2 | 161.32 | NOTE | |||
r-devel-windows-x86_64 | 0.2.2 | 6.00 | 202.00 | 208.00 | NOTE | |
r-patched-linux-x86_64 | 0.2.2 | 3.65 | 82.94 | 86.59 | NOTE | |
r-release-linux-x86_64 | 0.2.2 | 3.45 | 82.75 | 86.20 | NOTE | |
r-release-macos-arm64 | 0.2.2 | 64.00 | NOTE | |||
r-release-macos-x86_64 | 0.2.2 | 86.00 | NOTE | |||
r-release-windows-x86_64 | 0.2.2 | 6.00 | 170.00 | 176.00 | NOTE | |
r-oldrel-macos-arm64 | 0.2.2 | 69.00 | NOTE | |||
r-oldrel-macos-x86_64 | 0.2.2 | 101.00 | NOTE | |||
r-oldrel-windows-x86_64 | 0.2.2 | 6.00 | 173.00 | 179.00 | NOTE |
Version: 0.2.2
Check: LazyData
Result: NOTE
'LazyData' is specified without a 'data' directory
Flavors: r-devel-linux-x86_64-debian-clang, r-devel-linux-x86_64-debian-gcc, r-devel-linux-x86_64-fedora-clang, r-devel-linux-x86_64-fedora-gcc, r-devel-windows-x86_64, r-patched-linux-x86_64, r-release-linux-x86_64, r-release-macos-arm64, r-release-macos-x86_64, r-release-windows-x86_64, r-oldrel-macos-arm64, r-oldrel-macos-x86_64, r-oldrel-windows-x86_64