Last updated on 2025-10-31 00:51:19 CET.
| Flavor | Version | Tinstall | Tcheck | Ttotal | Status | Flags | 
|---|---|---|---|---|---|---|
| r-devel-linux-x86_64-debian-clang | 2.0.2 | 13.56 | 78.32 | 91.88 | NOTE | |
| r-devel-linux-x86_64-debian-gcc | 2.0.2 | 8.32 | 54.56 | 62.88 | NOTE | |
| r-devel-linux-x86_64-fedora-clang | 2.0.2 | 29.00 | 110.15 | 139.15 | NOTE | |
| r-devel-linux-x86_64-fedora-gcc | 2.0.2 | 28.00 | 101.60 | 129.60 | NOTE | |
| r-devel-windows-x86_64 | 2.0.2 | 15.00 | 89.00 | 104.00 | NOTE | |
| r-patched-linux-x86_64 | 2.0.2 | 14.45 | 72.61 | 87.06 | NOTE | |
| r-release-linux-x86_64 | 2.0.2 | 12.93 | 72.74 | 85.67 | NOTE | |
| r-release-macos-arm64 | 2.0.2 | 6.00 | 30.00 | 36.00 | NOTE | |
| r-release-macos-x86_64 | 2.0.2 | 11.00 | 55.00 | 66.00 | NOTE | |
| r-release-windows-x86_64 | 2.0.2 | 17.00 | 91.00 | 108.00 | NOTE | |
| r-oldrel-macos-arm64 | 2.0.2 | 6.00 | 32.00 | 38.00 | OK | |
| r-oldrel-macos-x86_64 | 2.0.2 | 13.00 | 70.00 | 83.00 | OK | |
| r-oldrel-windows-x86_64 | 2.0.2 | 22.00 | 110.00 | 132.00 | OK | 
Version: 2.0.2
Check: DESCRIPTION meta-information
Result: NOTE
    Missing dependency on R >= 4.1.0 because package code uses the pipe
    |> or function shorthand \(...) syntax added in R 4.1.0.
    File(s) using such syntax:
      ‘dat_checks.R’ ‘setters_and_getters.R’
Flavors: r-devel-linux-x86_64-debian-clang, r-devel-linux-x86_64-debian-gcc, r-devel-linux-x86_64-fedora-clang, r-devel-linux-x86_64-fedora-gcc, r-devel-windows-x86_64, r-patched-linux-x86_64, r-release-linux-x86_64, r-release-macos-arm64, r-release-macos-x86_64, r-release-windows-x86_64