Last updated on 2025-10-31 00:51:19 CET.
| Flavor | Version | Tinstall | Tcheck | Ttotal | Status | Flags | 
|---|---|---|---|---|---|---|
| r-devel-linux-x86_64-debian-clang | 1.5.0 | 54.33 | 416.58 | 470.91 | NOTE | |
| r-devel-linux-x86_64-debian-gcc | 1.5.0 | 37.75 | 314.40 | 352.15 | NOTE | |
| r-devel-linux-x86_64-fedora-clang | 1.5.0 | 474.00 | 323.98 | 797.98 | OK | |
| r-devel-linux-x86_64-fedora-gcc | 1.5.0 | 229.00 | 503.46 | 732.46 | OK | |
| r-devel-windows-x86_64 | 1.5.0 | 52.00 | 338.00 | 390.00 | OK | |
| r-patched-linux-x86_64 | 1.5.0 | 0.30 | 1.70 | 2.00 | ERROR | |
| r-release-linux-x86_64 | 1.5.0 | 53.33 | 400.19 | 453.52 | OK | |
| r-release-macos-arm64 | 1.5.0 | 24.00 | 155.00 | 179.00 | OK | |
| r-release-macos-x86_64 | 1.5.0 | 6.00 | ERROR | |||
| r-release-windows-x86_64 | 1.5.0 | 50.00 | 342.00 | 392.00 | OK | |
| r-oldrel-macos-arm64 | 1.5.0 | 27.00 | 164.00 | 191.00 | OK | |
| r-oldrel-macos-x86_64 | 1.5.0 | 39.00 | 252.00 | 291.00 | OK | |
| r-oldrel-windows-x86_64 | 1.5.0 | 71.00 | 465.00 | 536.00 | OK | 
Version: 1.5.0
Check: CRAN incoming feasibility
Result: NOTE
  Maintainer: ‘Gabriele Sales <gabriele.sales@unipd.it>’
  
  No Authors@R field in DESCRIPTION.
  Please add one, modifying
    Authors@R: c(person(given = "Sofia",
                        family = "Massa",
                        role = "aut"),
                 person(given = "Gabriele",
                        family = "Sales",
                        role = c("aut", "cre"),
                        email = "gabriele.sales@unipd.it"))
  as necessary.
Flavors: r-devel-linux-x86_64-debian-clang, r-devel-linux-x86_64-debian-gcc
Version: 1.5.0
Check: package dependencies
Result: ERROR
  Package required but not available: ‘qpgraph’
  
  See section ‘The DESCRIPTION file’ in the ‘Writing R Extensions’
  manual.
Flavors: r-patched-linux-x86_64, r-release-macos-x86_64