Last updated on 2025-10-31 00:51:18 CET.
| Flavor | Version | Tinstall | Tcheck | Ttotal | Status | Flags | 
|---|---|---|---|---|---|---|
| r-devel-linux-x86_64-debian-clang | 1.0.0 | 10.89 | 92.86 | 103.75 | NOTE | |
| r-devel-linux-x86_64-debian-gcc | 1.0.0 | 7.61 | 63.02 | 70.63 | NOTE | |
| r-devel-linux-x86_64-fedora-clang | 1.0.0 | 22.00 | 137.14 | 159.14 | OK | |
| r-devel-linux-x86_64-fedora-gcc | 1.0.0 | 21.00 | 128.26 | 149.26 | OK | |
| r-devel-windows-x86_64 | 1.0.0 | 12.00 | 96.00 | 108.00 | OK | |
| r-patched-linux-x86_64 | 1.0.0 | 9.51 | 86.14 | 95.65 | OK | |
| r-release-linux-x86_64 | 1.0.0 | 9.41 | 85.57 | 94.98 | OK | |
| r-release-macos-arm64 | 1.0.0 | 4.00 | 37.00 | 41.00 | OK | |
| r-release-macos-x86_64 | 1.0.0 | 8.00 | 70.00 | 78.00 | OK | |
| r-release-windows-x86_64 | 1.0.0 | 11.00 | 98.00 | 109.00 | OK | |
| r-oldrel-macos-arm64 | 1.0.0 | 4.00 | 38.00 | 42.00 | OK | |
| r-oldrel-macos-x86_64 | 1.0.0 | 7.00 | 58.00 | 65.00 | OK | |
| r-oldrel-windows-x86_64 | 1.0.0 | 16.00 | 123.00 | 139.00 | OK | 
Version: 1.0.0
Check: CRAN incoming feasibility
Result: NOTE
  Maintainer: ‘Mouloud Belbahri <mouloud.belbahri@gmail.com>’
  
  No Authors@R field in DESCRIPTION.
  Please add one, modifying
    Authors@R: c(person(given = "Mouloud",
                        family = "Belbahri",
                        role = c("aut", "cre"),
                        email = "mouloud.belbahri@gmail.com"),
                 person(given = "Olivier",
                        family = "Gandouet",
                        role = "aut"),
                 person(given = "Alejandro",
                        family = "Murua",
                        role = "aut"),
                 person(given = c("Vahid", "Partovi"),
                        family = "Nia",
                        role = "aut"))
  as necessary.
Flavors: r-devel-linux-x86_64-debian-clang, r-devel-linux-x86_64-debian-gcc