Last updated on 2024-07-22 01:49:37 CEST.
Flavor | Version | Tinstall | Tcheck | Ttotal | Status | Flags |
---|---|---|---|---|---|---|
r-devel-linux-x86_64-debian-clang | 2.0.1.1 | 11.19 | 92.18 | 103.37 | OK | |
r-devel-linux-x86_64-debian-gcc | 2.0.1.1 | 9.25 | 69.21 | 78.46 | NOTE | |
r-devel-linux-x86_64-fedora-clang | 2.0.1.1 | 134.80 | OK | |||
r-devel-linux-x86_64-fedora-gcc | 2.0.1.1 | 128.55 | OK | |||
r-devel-windows-x86_64 | 2.0.1.1 | 11.00 | 82.00 | 93.00 | NOTE | |
r-patched-linux-x86_64 | 2.0.1.1 | 14.01 | 88.47 | 102.48 | OK | |
r-release-linux-x86_64 | 2.0.1.1 | 11.15 | 89.00 | 100.15 | OK | |
r-release-macos-arm64 | 2.0.1.1 | 39.00 | OK | |||
r-release-macos-x86_64 | 2.0.1.1 | 61.00 | OK | |||
r-release-windows-x86_64 | 2.0.1.1 | 10.00 | 80.00 | 90.00 | OK | |
r-oldrel-macos-arm64 | 2.0.1.1 | 42.00 | OK | |||
r-oldrel-macos-x86_64 | 2.0.1.1 | 81.00 | OK | |||
r-oldrel-windows-x86_64 | 2.0.1.1 | 13.00 | 97.00 | 110.00 | OK |
Version: 2.0.1.1
Check: Rd cross-references
Result: NOTE
Found the following Rd file(s) with Rd \link{} targets missing package
anchors:
tmle.Sl.dbarts2.Rd: SuperLearner
Please provide package anchors for all Rd \link{} targets not in the
package itself and the base packages.
Flavors: r-devel-linux-x86_64-debian-gcc, r-devel-windows-x86_64