CRAN Package Check Results for Package tinythemes

Last updated on 2025-02-22 00:50:03 CET.

Flavor Version Tinstall Tcheck Ttotal Status Flags
r-devel-linux-x86_64-debian-clang 0.0.2 4.41 35.56 39.97 NOTE
r-devel-linux-x86_64-debian-gcc 0.0.2 3.10 26.45 29.55 NOTE
r-devel-linux-x86_64-fedora-clang 0.0.2 65.18 OK
r-devel-linux-x86_64-fedora-gcc 0.0.2 58.21 OK
r-devel-macos-arm64 0.0.2 23.00 OK
r-devel-macos-x86_64 0.0.2 39.00 OK
r-devel-windows-x86_64 0.0.2 6.00 53.00 59.00 NOTE
r-patched-linux-x86_64 0.0.2 8.41 32.41 40.82 OK
r-release-linux-x86_64 0.0.2 4.04 33.38 37.42 OK
r-release-macos-arm64 0.0.2 23.00 OK
r-release-macos-x86_64 0.0.2 32.00 OK
r-release-windows-x86_64 0.0.2 6.00 54.00 60.00 OK
r-oldrel-macos-arm64 0.0.2 29.00 OK
r-oldrel-macos-x86_64 0.0.2 44.00 OK
r-oldrel-windows-x86_64 0.0.2 8.00 82.00 90.00 OK

Check Details

Version: 0.0.2
Check: Rd cross-references
Result: NOTE Found the following Rd file(s) with Rd \link{} targets missing package anchors: theme_ipsum_rc.Rd: ggplot2 Please provide package anchors for all Rd \link{} targets not in the package itself and the base packages. Flavors: r-devel-linux-x86_64-debian-clang, r-devel-linux-x86_64-debian-gcc, r-devel-windows-x86_64