Last updated on 2025-10-31 00:51:18 CET.
| Flavor | Version | Tinstall | Tcheck | Ttotal | Status | Flags | 
|---|---|---|---|---|---|---|
| r-devel-linux-x86_64-debian-clang | 0.1.0 | 9.83 | 103.66 | 113.49 | NOTE | |
| r-devel-linux-x86_64-debian-gcc | 0.1.0 | 7.32 | 72.53 | 79.85 | NOTE | |
| r-devel-linux-x86_64-fedora-clang | 0.1.0 | 21.00 | 148.83 | 169.83 | NOTE | |
| r-devel-linux-x86_64-fedora-gcc | 0.1.0 | 20.00 | 153.53 | 173.53 | NOTE | |
| r-devel-windows-x86_64 | 0.1.0 | 12.00 | 105.00 | 117.00 | NOTE | |
| r-patched-linux-x86_64 | 0.1.0 | 8.00 | 95.35 | 103.35 | NOTE | |
| r-release-linux-x86_64 | 0.1.0 | 8.75 | 96.21 | 104.96 | NOTE | |
| r-release-macos-arm64 | 0.1.0 | 4.00 | 44.00 | 48.00 | NOTE | |
| r-release-macos-x86_64 | 0.1.0 | 8.00 | 93.00 | 101.00 | NOTE | |
| r-release-windows-x86_64 | 0.1.0 | 14.00 | 107.00 | 121.00 | NOTE | |
| r-oldrel-macos-arm64 | 0.1.0 | 4.00 | 43.00 | 47.00 | OK | |
| r-oldrel-macos-x86_64 | 0.1.0 | 6.00 | 67.00 | 73.00 | OK | |
| r-oldrel-windows-x86_64 | 0.1.0 | 17.00 | 134.00 | 151.00 | OK | 
Version: 0.1.0
Check: DESCRIPTION meta-information
Result: NOTE
    Missing dependency on R >= 4.1.0 because package code uses the pipe
    |> or function shorthand \(...) syntax added in R 4.1.0.
    File(s) using such syntax:
      ‘add_paras.Rd’ ‘checks.R’ ‘compute-idx.Rd’ ‘compute-indexes.R’
      ‘dimension-reduction.R’ ‘dimension-reduction.Rd’ ‘dist-fit.Rd’
      ‘distribution-fit.R’ ‘drought-idx.Rd’ ‘drought-indexes.R’ ‘init.R’
      ‘normalise.R’ ‘normalise.Rd’ ‘rescale.Rd’ ‘rescaling.R’
      ‘swap-values.R’ ‘swap.Rd’ ‘temporal-aggregate.Rd’
      ‘temporal-aggregation.R’ ‘theme_benchmark.Rd’
      ‘variable-transformation.R’ ‘variable-transformation.Rd’
Flavors: r-devel-linux-x86_64-debian-clang, r-devel-linux-x86_64-debian-gcc, r-devel-linux-x86_64-fedora-clang, r-devel-linux-x86_64-fedora-gcc, r-devel-windows-x86_64, r-patched-linux-x86_64, r-release-linux-x86_64, r-release-macos-arm64, r-release-windows-x86_64
Version: 0.1.0
Check: for unstated dependencies in ‘demo’
Result: NOTE
  '::' or ':::' imports not declared from:
    ‘here’ ‘janitor’ ‘ozmaps’ ‘readxl’ ‘rmapshaper’ ‘sf’ ‘tibble’
  'library' or 'require' calls not declared from:
    ‘GGally’ ‘ozmaps’ ‘tidyverse’
Flavors: r-devel-linux-x86_64-debian-clang, r-devel-linux-x86_64-debian-gcc, r-patched-linux-x86_64, r-release-linux-x86_64
Version: 0.1.0
Check: DESCRIPTION meta-information
Result: NOTE
    Missing dependency on R >= 4.1.0 because package code uses the pipe
    |> or function shorthand \(...) syntax added in R 4.1.0.
    File(s) using such syntax:
      ‘checks.R’ ‘compute-indexes.R’ ‘dimension-reduction.R’
      ‘distribution-fit.R’ ‘drought-indexes.R’ ‘init.R’ ‘normalise.R’
      ‘rescaling.R’ ‘swap-values.R’ ‘temporal-aggregation.R’
      ‘variable-transformation.R’
Flavor: r-release-macos-x86_64