CRAN Package Check Results for Package tidycat

Last updated on 2025-02-22 00:50:03 CET.

Flavor Version Tinstall Tcheck Ttotal Status Flags
r-devel-linux-x86_64-debian-clang 0.1.2 1.72 38.68 40.40 OK
r-devel-linux-x86_64-debian-gcc 0.1.2 1.50 29.63 31.13 OK
r-devel-linux-x86_64-fedora-clang 0.1.2 66.22 NOTE
r-devel-linux-x86_64-fedora-gcc 0.1.2 72.40 NOTE
r-devel-macos-arm64 0.1.2 29.00 OK
r-devel-macos-x86_64 0.1.2 50.00 OK
r-devel-windows-x86_64 0.1.2 4.00 54.00 58.00 OK
r-patched-linux-x86_64 0.1.2 1.90 36.80 38.70 OK
r-release-linux-x86_64 0.1.2 1.46 36.58 38.04 OK
r-release-macos-arm64 0.1.2 27.00 OK
r-release-macos-x86_64 0.1.2 41.00 OK
r-release-windows-x86_64 0.1.2 4.00 56.00 60.00 OK
r-oldrel-macos-arm64 0.1.2 27.00 OK
r-oldrel-macos-x86_64 0.1.2 37.00 OK
r-oldrel-windows-x86_64 0.1.2 4.00 62.00 66.00 OK

Check Details

Version: 0.1.2
Check: dependencies in R code
Result: NOTE Namespace in Imports field not imported from: ‘tidyr’ All declared Imports should be used. Flavors: r-devel-linux-x86_64-fedora-clang, r-devel-linux-x86_64-fedora-gcc