Last updated on 2024-07-22 01:49:37 CEST.
Flavor | Version | Tinstall | Tcheck | Ttotal | Status | Flags |
---|---|---|---|---|---|---|
r-devel-linux-x86_64-debian-clang | 0.2.0 | 2.51 | 29.31 | 31.82 | NOTE | |
r-devel-linux-x86_64-debian-gcc | 0.2.0 | 2.03 | 22.04 | 24.07 | NOTE | |
r-devel-linux-x86_64-fedora-clang | 0.2.0 | 39.36 | NOTE | |||
r-devel-linux-x86_64-fedora-gcc | 0.2.0 | 37.54 | NOTE | |||
r-devel-windows-x86_64 | 0.2.0 | 5.00 | 44.00 | 49.00 | NOTE | |
r-patched-linux-x86_64 | 0.2.0 | 2.23 | 26.95 | 29.18 | NOTE | |
r-release-linux-x86_64 | 0.2.0 | 1.94 | 27.48 | 29.42 | NOTE | |
r-release-macos-arm64 | 0.2.0 | 18.00 | NOTE | |||
r-release-macos-x86_64 | 0.2.0 | 25.00 | NOTE | |||
r-release-windows-x86_64 | 0.2.0 | 4.00 | 43.00 | 47.00 | NOTE | |
r-oldrel-macos-arm64 | 0.2.0 | 17.00 | NOTE | |||
r-oldrel-macos-x86_64 | 0.2.0 | 24.00 | NOTE | |||
r-oldrel-windows-x86_64 | 0.2.0 | 5.00 | 46.00 | 51.00 | NOTE |
Version: 0.2.0
Check: LazyData
Result: NOTE
'LazyData' is specified without a 'data' directory
Flavors: r-devel-linux-x86_64-debian-clang, r-devel-linux-x86_64-debian-gcc, r-devel-linux-x86_64-fedora-clang, r-devel-linux-x86_64-fedora-gcc, r-devel-windows-x86_64, r-patched-linux-x86_64, r-release-linux-x86_64, r-release-macos-arm64, r-release-macos-x86_64, r-release-windows-x86_64, r-oldrel-macos-arm64, r-oldrel-macos-x86_64, r-oldrel-windows-x86_64