Last updated on 2025-10-31 00:51:18 CET.
| Flavor | Version | Tinstall | Tcheck | Ttotal | Status | Flags | 
|---|---|---|---|---|---|---|
| r-devel-linux-x86_64-debian-clang | 2.4-23 | 31.09 | 52.56 | 83.65 | OK | --no-vignettes | 
| r-devel-linux-x86_64-debian-gcc | 2.4-23 | 20.42 | 38.34 | 58.76 | OK | --no-vignettes | 
| r-devel-linux-x86_64-fedora-clang | 2.4-23 | 85.00 | 73.54 | 158.54 | OK | --no-vignettes | 
| r-devel-linux-x86_64-fedora-gcc | 2.4-23 | 69.00 | 58.04 | 127.04 | OK | --no-vignettes | 
| r-devel-windows-x86_64 | 2.4-23 | 49.00 | 79.00 | 128.00 | OK | --no-vignettes | 
| r-patched-linux-x86_64 | 2.4-23 | 28.88 | 50.38 | 79.26 | OK | --no-vignettes | 
| r-release-linux-x86_64 | 2.4-23 | 29.09 | 50.16 | 79.25 | OK | --no-vignettes | 
| r-release-macos-arm64 | 2.4-23 | 16.00 | 30.00 | 46.00 | OK | --no-vignettes | 
| r-release-macos-x86_64 | 2.4-23 | 18.00 | 42.00 | 60.00 | OK | --no-vignettes | 
| r-release-windows-x86_64 | 2.4-23 | 61.00 | 82.00 | 143.00 | OK | --no-vignettes | 
| r-oldrel-macos-arm64 | 2.4-23 | 14.00 | 24.00 | 38.00 | NOTE | --no-vignettes | 
| r-oldrel-macos-x86_64 | 2.4-23 | 19.00 | 55.00 | 74.00 | NOTE | --no-vignettes | 
| r-oldrel-windows-x86_64 | 2.4-23 | 61.00 | 90.00 | 151.00 | OK | --no-vignettes | 
Version: 2.4-23
Flags: --no-vignettes
Check: installed package size
Result: NOTE
    installed size is  5.3Mb
    sub-directories of 1Mb or more:
      doc    2.6Mb
      libs   2.1Mb
Flavors: r-oldrel-macos-arm64, r-oldrel-macos-x86_64