Last updated on 2025-10-31 00:51:18 CET.
| Flavor | Version | Tinstall | Tcheck | Ttotal | Status | Flags | 
|---|---|---|---|---|---|---|
| r-devel-linux-x86_64-debian-clang | 2.0-5 | 6.38 | 66.60 | 72.98 | NOTE | |
| r-devel-linux-x86_64-debian-gcc | 2.0-5 | 4.74 | 48.97 | 53.71 | NOTE | |
| r-devel-linux-x86_64-fedora-clang | 2.0-5 | 13.00 | 95.91 | 108.91 | OK | |
| r-devel-linux-x86_64-fedora-gcc | 2.0-5 | 14.00 | 92.60 | 106.60 | OK | |
| r-devel-windows-x86_64 | 2.0-5 | 7.00 | 80.00 | 87.00 | OK | |
| r-patched-linux-x86_64 | 2.0-5 | 5.95 | 63.75 | 69.70 | OK | |
| r-release-linux-x86_64 | 2.0-5 | 5.97 | 64.11 | 70.08 | OK | |
| r-release-macos-arm64 | 2.0-5 | 3.00 | 33.00 | 36.00 | OK | |
| r-release-macos-x86_64 | 2.0-5 | 6.00 | 55.00 | 61.00 | OK | |
| r-release-windows-x86_64 | 2.0-5 | 7.00 | 82.00 | 89.00 | OK | |
| r-oldrel-macos-arm64 | 2.0-5 | 3.00 | 30.00 | 33.00 | OK | |
| r-oldrel-macos-x86_64 | 2.0-5 | 5.00 | 46.00 | 51.00 | OK | |
| r-oldrel-windows-x86_64 | 2.0-5 | 9.00 | 98.00 | 107.00 | OK | 
Version: 2.0-5
Check: CRAN incoming feasibility
Result: NOTE
  Maintainer: ‘Matt Taddy <mataddy@gmail.com>’
  
  No Authors@R field in DESCRIPTION.
  Please add one, modifying
    Authors@R: person(given = "Matt",
                      family = "Taddy",
                      role = c("aut", "cre"),
                      email = "mataddy@gmail.com")
  as necessary.
  
  Package CITATION file contains call(s) to old-style personList() or
  as.personList().  Please use c() on person objects instead.
  Package CITATION file contains call(s) to old-style citEntry().  Please
  use bibentry() instead.
  
  The Description field contains
    Inverse Regression for Text Analysis <arXiv:1012.2098> and Taddy (2015,
    AoAS), Distributed Multinomial Regression, <arXiv:1311.6139>. A
  Please refer to arXiv e-prints via their arXiv DOI <doi:10.48550/arXiv.YYMM.NNNNN>.
  
  Found the following URLs which should use \doi (with the DOI name only):
    File ‘congress109.Rd’:
      http://dx.doi.org/10.3886/ICPSR26242
Flavors: r-devel-linux-x86_64-debian-clang, r-devel-linux-x86_64-debian-gcc