CRAN Package Check Results for Package text2speech

Last updated on 2025-02-22 00:50:03 CET.

Flavor Version Tinstall Tcheck Ttotal Status Flags
r-devel-linux-x86_64-debian-clang 1.0.0 5.03 46.26 51.29 NOTE
r-devel-linux-x86_64-debian-gcc 1.0.0 3.69 33.53 37.22 NOTE
r-devel-linux-x86_64-fedora-clang 1.0.0 89.04 OK
r-devel-linux-x86_64-fedora-gcc 1.0.0 97.51 OK
r-devel-macos-arm64 1.0.0 34.00 OK
r-devel-macos-x86_64 1.0.0 69.00 OK
r-devel-windows-x86_64 1.0.0 6.00 67.00 73.00 NOTE
r-patched-linux-x86_64 1.0.0 8.65 43.29 51.94 OK
r-release-linux-x86_64 1.0.0 4.47 43.94 48.41 OK
r-release-macos-arm64 1.0.0 38.00 OK
r-release-macos-x86_64 1.0.0 56.00 OK
r-release-windows-x86_64 1.0.0 7.00 67.00 74.00 OK
r-oldrel-macos-arm64 1.0.0 41.00 OK
r-oldrel-macos-x86_64 1.0.0 88.00 OK
r-oldrel-windows-x86_64 1.0.0 8.00 70.00 78.00 OK

Check Details

Version: 1.0.0
Check: Rd cross-references
Result: NOTE Found the following Rd file(s) with Rd \link{} targets missing package anchors: tts_speak_engine.Rd: knit_engines Please provide package anchors for all Rd \link{} targets not in the package itself and the base packages. Flavors: r-devel-linux-x86_64-debian-clang, r-devel-linux-x86_64-debian-gcc, r-devel-windows-x86_64