Last updated on 2024-06-05 02:48:01 CEST.
Flavor | Version | Tinstall | Tcheck | Ttotal | Status | Flags |
---|---|---|---|---|---|---|
r-devel-linux-x86_64-debian-clang | 0.0.4 | 6.64 | 51.15 | 57.79 | OK | |
r-devel-linux-x86_64-debian-gcc | 0.0.4 | 4.47 | 38.99 | 43.46 | OK | |
r-devel-linux-x86_64-fedora-clang | 0.0.4 | 71.82 | NOTE | |||
r-devel-linux-x86_64-fedora-gcc | 0.0.4 | 65.87 | OK | |||
r-devel-windows-x86_64 | 0.0.4 | 6.00 | 58.00 | 64.00 | OK | |
r-patched-linux-x86_64 | 0.0.4 | 4.54 | 49.70 | 54.24 | OK | |
r-release-linux-x86_64 | 0.0.4 | 3.39 | 49.91 | 53.30 | OK | |
r-release-macos-arm64 | 0.0.4 | 25.00 | OK | |||
r-release-windows-x86_64 | 0.0.4 | 6.00 | 117.00 | 123.00 | OK | |
r-oldrel-macos-arm64 | 0.0.4 | 26.00 | OK | |||
r-oldrel-macos-x86_64 | 0.0.4 | 36.00 | OK | |||
r-oldrel-windows-x86_64 | 0.0.4 | 8.00 | 66.00 | 74.00 | OK |
Version: 0.0.4
Check: Rd cross-references
Result: NOTE
Undeclared package ‘scales’ in Rd xrefs
Flavor: r-devel-linux-x86_64-fedora-clang