Last updated on 2025-02-22 00:50:02 CET.
Flavor | Version | Tinstall | Tcheck | Ttotal | Status | Flags |
---|---|---|---|---|---|---|
r-devel-linux-x86_64-debian-clang | 0.19.0 | 2.07 | 21.17 | 23.24 | NOTE | |
r-devel-linux-x86_64-debian-gcc | 0.19.0 | 1.64 | 17.37 | 19.01 | NOTE | |
r-devel-linux-x86_64-fedora-clang | 0.19.0 | 40.74 | NOTE | |||
r-devel-linux-x86_64-fedora-gcc | 0.19.0 | 38.15 | NOTE | |||
r-devel-macos-arm64 | 0.19.0 | 19.00 | OK | |||
r-devel-macos-x86_64 | 0.19.0 | 27.00 | NOTE | |||
r-devel-windows-x86_64 | 0.19.0 | 4.00 | 45.00 | 49.00 | NOTE | |
r-patched-linux-x86_64 | 0.19.0 | 2.34 | 20.29 | 22.63 | OK | |
r-release-linux-x86_64 | 0.19.0 | 2.08 | 20.16 | 22.24 | OK | |
r-release-macos-arm64 | 0.19.0 | 22.00 | OK | |||
r-release-macos-x86_64 | 0.19.0 | 32.00 | OK | |||
r-release-windows-x86_64 | 0.19.0 | 4.00 | 45.00 | 49.00 | OK | |
r-oldrel-macos-arm64 | 0.19.0 | 20.00 | OK | |||
r-oldrel-macos-x86_64 | 0.19.0 | 33.00 | OK | |||
r-oldrel-windows-x86_64 | 0.19.0 | 4.00 | 71.00 | 75.00 | OK |
Version: 0.19.0
Check: DESCRIPTION meta-information
Result: NOTE
Missing dependency on R >= 4.1.0 because package code uses the pipe
|> or function shorthand \(...) syntax added in R 4.1.0.
File(s) using such syntax:
‘depreciation_interest.R’ ‘friction_period.R’ ‘nl_med_prices.R’
‘nl_pat_fam_prices.R’ ‘nl_ppp.R’ ‘nl_price_index.R’
‘nl_prod_oth_prices.R’
Flavors: r-devel-linux-x86_64-debian-clang, r-devel-linux-x86_64-debian-gcc, r-devel-linux-x86_64-fedora-clang, r-devel-linux-x86_64-fedora-gcc, r-devel-macos-x86_64, r-devel-windows-x86_64