Last updated on 2025-10-31 00:51:18 CET.
| Flavor | Version | Tinstall | Tcheck | Ttotal | Status | Flags | 
|---|---|---|---|---|---|---|
| r-devel-linux-x86_64-debian-clang | 1.4.3 | 19.50 | 59.79 | 79.29 | NOTE | |
| r-devel-linux-x86_64-debian-gcc | 1.4.3 | 12.23 | 41.00 | 53.23 | NOTE | |
| r-devel-linux-x86_64-fedora-clang | 1.4.3 | 39.00 | 91.18 | 130.18 | OK | |
| r-devel-linux-x86_64-fedora-gcc | 1.4.3 | 44.00 | 77.90 | 121.90 | OK | |
| r-devel-windows-x86_64 | 1.4.3 | 21.00 | 80.00 | 101.00 | OK | |
| r-patched-linux-x86_64 | 1.4.3 | 19.54 | 57.40 | 76.94 | OK | |
| r-release-linux-x86_64 | 1.4.3 | 18.83 | 57.40 | 76.23 | OK | |
| r-release-macos-arm64 | 1.4.3 | 7.00 | 23.00 | 30.00 | OK | |
| r-release-macos-x86_64 | 1.4.3 | 17.00 | 47.00 | 64.00 | OK | |
| r-release-windows-x86_64 | 1.4.3 | 23.00 | 88.00 | 111.00 | OK | |
| r-oldrel-macos-arm64 | 1.4.3 | 8.00 | 21.00 | 29.00 | OK | |
| r-oldrel-macos-x86_64 | 1.4.3 | 13.00 | 37.00 | 50.00 | OK | |
| r-oldrel-windows-x86_64 | 1.4.3 | 21.00 | 102.00 | 123.00 | OK | 
Version: 1.4.3
Check: CRAN incoming feasibility
Result: NOTE
  Maintainer: ‘Aaron M Olsen <aarolsen@gmail.com>’
  
  No Authors@R field in DESCRIPTION.
  Please add one, modifying
    Authors@R: c(person(given = c("Aaron", "M"),
                        family = "Olsen",
                        role = c("aut", "cre"),
                        email = "aarolsen@gmail.com"),
                 person(given = c("Alejandro", "J"),
                        family = "Romero",
                        role = "aut"))
  as necessary.
Flavors: r-devel-linux-x86_64-debian-clang, r-devel-linux-x86_64-debian-gcc