Last updated on 2025-10-31 00:51:18 CET.
| Flavor | Version | Tinstall | Tcheck | Ttotal | Status | Flags | 
|---|---|---|---|---|---|---|
| r-devel-linux-x86_64-debian-clang | 1.3.2 | 20.60 | 146.48 | 167.08 | NOTE | |
| r-devel-linux-x86_64-debian-gcc | 1.3.2 | 12.33 | 98.53 | 110.86 | NOTE | |
| r-devel-linux-x86_64-fedora-clang | 1.3.2 | 48.00 | 202.26 | 250.26 | NOTE | |
| r-devel-linux-x86_64-fedora-gcc | 1.3.2 | 43.00 | 201.60 | 244.60 | NOTE | |
| r-devel-windows-x86_64 | 1.3.2 | 24.00 | 136.00 | 160.00 | NOTE | |
| r-patched-linux-x86_64 | 1.3.2 | 21.88 | 135.67 | 157.55 | NOTE | |
| r-release-linux-x86_64 | 1.3.2 | 22.38 | 135.21 | 157.59 | NOTE | |
| r-release-macos-arm64 | 1.3.2 | 10.00 | 48.00 | 58.00 | NOTE | |
| r-release-macos-x86_64 | 1.3.2 | 23.00 | 108.00 | 131.00 | NOTE | |
| r-release-windows-x86_64 | 1.3.2 | 23.00 | 141.00 | 164.00 | NOTE | |
| r-oldrel-macos-arm64 | 1.3.2 | 9.00 | 47.00 | 56.00 | NOTE | |
| r-oldrel-macos-x86_64 | 1.3.2 | 18.00 | 84.00 | 102.00 | NOTE | |
| r-oldrel-windows-x86_64 | 1.3.2 | 32.00 | 182.00 | 214.00 | NOTE | 
Version: 1.3.2
Check: CRAN incoming feasibility
Result: NOTE
  Maintainer: ‘Marta Sestelo <sestelo@uvigo.es>’
  
  No Authors@R field in DESCRIPTION.
  Please add one, modifying
    Authors@R: c(person(given = "Luis",
                        family = "Meira-Machado",
                        role = "aut"),
                 person(given = "Marta",
                        family = "Sestelo",
                        role = c("aut", "cre"),
                        email = "sestelo@uvigo.es"),
                 person(given = "Gustavo",
                        family = "Soutinho",
                        role = "aut"))
  as necessary.
Flavors: r-devel-linux-x86_64-debian-clang, r-devel-linux-x86_64-debian-gcc
Version: 1.3.2
Check: Rd files
Result: NOTE
  checkRd: (-1) tprob.Rd:138: Lost braces in \itemize; meant \describe ?
  checkRd: (-1) tprob.Rd:139: Lost braces in \itemize; meant \describe ?
  checkRd: (-1) tprob.Rd:140: Lost braces in \itemize; meant \describe ?
  checkRd: (-1) tprob.Rd:141: Lost braces in \itemize; meant \describe ?
  checkRd: (-1) tprob.Rd:142: Lost braces in \itemize; meant \describe ?
  checkRd: (-1) tprob.Rd:143: Lost braces in \itemize; meant \describe ?
  checkRd: (-1) tprob.Rd:144: Lost braces in \itemize; meant \describe ?
  checkRd: (-1) tprob.Rd:145: Lost braces in \itemize; meant \describe ?
  checkRd: (-1) tprob.Rd:146: Lost braces in \itemize; meant \describe ?
Flavors: r-devel-linux-x86_64-debian-clang, r-devel-linux-x86_64-debian-gcc, r-devel-linux-x86_64-fedora-clang, r-devel-linux-x86_64-fedora-gcc, r-devel-windows-x86_64, r-patched-linux-x86_64, r-release-linux-x86_64, r-release-macos-arm64, r-release-macos-x86_64, r-release-windows-x86_64, r-oldrel-macos-arm64, r-oldrel-macos-x86_64, r-oldrel-windows-x86_64