Last updated on 2025-10-31 00:51:18 CET.
| Flavor | Version | Tinstall | Tcheck | Ttotal | Status | Flags | 
|---|---|---|---|---|---|---|
| r-devel-linux-x86_64-debian-clang | 0.1.0 | 6.77 | 57.17 | 63.94 | NOTE | |
| r-devel-linux-x86_64-debian-gcc | 0.1.0 | 5.11 | 42.92 | 48.03 | NOTE | |
| r-devel-linux-x86_64-fedora-clang | 0.1.0 | 15.00 | 80.98 | 95.98 | OK | |
| r-devel-linux-x86_64-fedora-gcc | 0.1.0 | 13.00 | 76.36 | 89.36 | OK | |
| r-devel-windows-x86_64 | 0.1.0 | 8.00 | 65.00 | 73.00 | OK | |
| r-patched-linux-x86_64 | 0.1.0 | 6.03 | 54.68 | 60.71 | OK | |
| r-release-linux-x86_64 | 0.1.0 | 6.18 | 54.73 | 60.91 | OK | |
| r-release-macos-arm64 | 0.1.0 | 3.00 | 32.00 | 35.00 | OK | |
| r-release-macos-x86_64 | 0.1.0 | 5.00 | 47.00 | 52.00 | OK | |
| r-release-windows-x86_64 | 0.1.0 | 8.00 | 67.00 | 75.00 | OK | |
| r-oldrel-macos-arm64 | 0.1.0 | 3.00 | 28.00 | 31.00 | NOTE | |
| r-oldrel-macos-x86_64 | 0.1.0 | 5.00 | 39.00 | 44.00 | NOTE | |
| r-oldrel-windows-x86_64 | 0.1.0 | 10.00 | 81.00 | 91.00 | NOTE | 
Version: 0.1.0
Check: CRAN incoming feasibility
Result: NOTE
  Maintainer: ‘Miki Horiguchi <horiguchimiki@gmail.com>’
  
  No Authors@R field in DESCRIPTION.
  Please add one, modifying
    Authors@R: c(person(given = "Miki",
                        family = "Horiguchi",
                        role = c("aut", "cre"),
                        email = "horiguchimiki@gmail.com"),
                 person(given = "Hajime",
                        family = "Uno",
                        role = "aut"))
  as necessary.
Flavors: r-devel-linux-x86_64-debian-clang, r-devel-linux-x86_64-debian-gcc
Version: 0.1.0
Check: LazyData
Result: NOTE
    'LazyData' is specified without a 'data' directory
Flavors: r-oldrel-macos-arm64, r-oldrel-macos-x86_64, r-oldrel-windows-x86_64