Last updated on 2025-10-31 00:51:18 CET.
| Flavor | Version | Tinstall | Tcheck | Ttotal | Status | Flags | 
|---|---|---|---|---|---|---|
| r-devel-linux-x86_64-debian-clang | 2.0.2 | 44.22 | 109.00 | 153.22 | OK | --no-vignettes | 
| r-devel-linux-x86_64-debian-gcc | 2.0.2 | 34.71 | 73.54 | 108.25 | OK | --no-vignettes | 
| r-devel-linux-x86_64-fedora-clang | 2.0.2 | 97.00 | 404.08 | 501.08 | OK | |
| r-devel-linux-x86_64-fedora-gcc | 2.0.2 | 96.00 | 433.54 | 529.54 | OK | |
| r-devel-windows-x86_64 | 2.0.2 | 44.00 | 324.00 | 368.00 | OK | |
| r-patched-linux-x86_64 | 2.0.2 | 52.76 | 112.59 | 165.35 | OK | --no-vignettes | 
| r-release-linux-x86_64 | 2.0.2 | 49.13 | 112.81 | 161.94 | OK | --no-vignettes | 
| r-release-macos-arm64 | 2.0.2 | 19.00 | 111.00 | 130.00 | OK | |
| r-release-macos-x86_64 | 2.0.2 | 34.00 | 281.00 | 315.00 | OK | |
| r-release-windows-x86_64 | 2.0.2 | 44.00 | 306.00 | 350.00 | OK | |
| r-oldrel-macos-arm64 | 2.0.2 | 18.00 | 113.00 | 131.00 | NOTE | |
| r-oldrel-macos-x86_64 | 2.0.2 | 34.00 | 281.00 | 315.00 | NOTE | |
| r-oldrel-windows-x86_64 | 2.0.2 | 53.00 | 435.00 | 488.00 | OK | 
Version: 2.0.2
Check: installed package size
Result: NOTE
    installed size is 31.0Mb
    sub-directories of 1Mb or more:
      doc    1.5Mb
      libs  28.9Mb
Flavors: r-oldrel-macos-arm64, r-oldrel-macos-x86_64