Last updated on 2025-10-31 00:51:18 CET.
| Flavor | Version | Tinstall | Tcheck | Ttotal | Status | Flags | 
|---|---|---|---|---|---|---|
| r-devel-linux-x86_64-debian-clang | 0.5.6 | 11.51 | 127.01 | 138.52 | NOTE | |
| r-devel-linux-x86_64-debian-gcc | 0.5.6 | 8.87 | 88.57 | 97.44 | NOTE | |
| r-devel-linux-x86_64-fedora-clang | 0.5.6 | 27.00 | 176.46 | 203.46 | NOTE | |
| r-devel-linux-x86_64-fedora-gcc | 0.5.6 | 25.00 | 178.18 | 203.18 | NOTE | |
| r-devel-windows-x86_64 | 0.5.6 | 14.00 | 132.00 | 146.00 | NOTE | |
| r-patched-linux-x86_64 | 0.5.6 | 10.85 | 114.78 | 125.63 | NOTE | |
| r-release-linux-x86_64 | 0.5.6 | 11.07 | 114.14 | 125.21 | NOTE | |
| r-release-macos-arm64 | 0.5.6 | 7.00 | 66.00 | 73.00 | NOTE | |
| r-release-macos-x86_64 | 0.5.6 | 10.00 | 101.00 | 111.00 | NOTE | |
| r-release-windows-x86_64 | 0.5.6 | 14.00 | 135.00 | 149.00 | NOTE | |
| r-oldrel-macos-arm64 | 0.5.6 | 5.00 | 52.00 | 57.00 | NOTE | |
| r-oldrel-macos-x86_64 | 0.5.6 | 11.00 | 121.00 | 132.00 | NOTE | |
| r-oldrel-windows-x86_64 | 0.5.6 | 18.00 | 164.00 | 182.00 | NOTE | 
Version: 0.5.6
Check: CRAN incoming feasibility
Result: NOTE
  Maintainer: ‘Chris Dardis <christopherdardis@gmail.com>’
  
  No Authors@R field in DESCRIPTION.
  Please add one, modifying
    Authors@R: person(given = "Chris",
                      family = "Dardis",
                      role = c("aut", "cre"),
                      email = "christopherdardis@gmail.com")
  as necessary.
Flavors: r-devel-linux-x86_64-debian-clang, r-devel-linux-x86_64-debian-gcc
Version: 0.5.6
Check: Rd files
Result: NOTE
  checkRd: (-1) sf.Rd:66: Lost braces; missing escapes or markup?
      66 | A {data.table} which is stored as an attribute of
         |   ^
Flavors: r-devel-linux-x86_64-debian-clang, r-devel-linux-x86_64-debian-gcc, r-devel-linux-x86_64-fedora-clang, r-devel-linux-x86_64-fedora-gcc, r-devel-windows-x86_64, r-patched-linux-x86_64, r-release-linux-x86_64, r-release-macos-arm64, r-release-macos-x86_64, r-release-windows-x86_64, r-oldrel-macos-arm64, r-oldrel-macos-x86_64, r-oldrel-windows-x86_64