Last updated on 2025-10-31 00:51:17 CET.
| Flavor | Version | Tinstall | Tcheck | Ttotal | Status | Flags | 
|---|---|---|---|---|---|---|
| r-devel-linux-x86_64-debian-clang | 1.0-3 | 2.61 | 69.46 | 72.07 | NOTE | |
| r-devel-linux-x86_64-debian-gcc | 1.0-3 | 2.13 | 50.94 | 53.07 | NOTE | |
| r-devel-linux-x86_64-fedora-clang | 1.0-3 | 109.43 | OK | |||
| r-devel-linux-x86_64-fedora-gcc | 1.0-3 | 117.80 | OK | |||
| r-devel-windows-x86_64 | 1.0-3 | 3.00 | 75.00 | 78.00 | OK | |
| r-patched-linux-x86_64 | 1.0-3 | 2.72 | 65.33 | 68.05 | OK | |
| r-release-linux-x86_64 | 1.0-3 | 2.37 | 66.03 | 68.40 | OK | |
| r-release-macos-arm64 | 1.0-3 | 1.00 | 42.00 | 43.00 | OK | |
| r-release-macos-x86_64 | 1.0-3 | 2.00 | 68.00 | 70.00 | OK | |
| r-release-windows-x86_64 | 1.0-3 | 5.00 | 78.00 | 83.00 | OK | |
| r-oldrel-macos-arm64 | 1.0-3 | 1.00 | 35.00 | 36.00 | NOTE | |
| r-oldrel-macos-x86_64 | 1.0-3 | 2.00 | 54.00 | 56.00 | NOTE | |
| r-oldrel-windows-x86_64 | 1.0-3 | 5.00 | 105.00 | 110.00 | NOTE | 
Version: 1.0-3
Check: CRAN incoming feasibility
Result: NOTE
  Maintainer: ‘Bert Gunter <bgunter@comcast.net>’
  
  Found the following \keyword or \concept entries
  which likely give several index terms:
    File ‘strucplot.Rd’:
      \concept{
        structured plots,structured trellis plot [TRUNCATED]
Flavors: r-devel-linux-x86_64-debian-clang, r-devel-linux-x86_64-debian-gcc
Version: 1.0-3
Check: LazyData
Result: NOTE
    'LazyData' is specified without a 'data' directory
Flavors: r-oldrel-macos-arm64, r-oldrel-macos-x86_64, r-oldrel-windows-x86_64