Last updated on 2025-11-03 01:50:10 CET.
| Flavor | Version | Tinstall | Tcheck | Ttotal | Status | Flags |
|---|---|---|---|---|---|---|
| r-devel-linux-x86_64-debian-clang | 3.1.0 | 2.52 | 35.86 | 38.38 | NOTE | |
| r-devel-linux-x86_64-debian-gcc | 3.1.0 | 1.88 | 27.05 | 28.93 | NOTE | |
| r-devel-linux-x86_64-fedora-clang | 3.1.0 | 59.62 | OK | |||
| r-devel-linux-x86_64-fedora-gcc | 3.1.0 | 56.02 | OK | |||
| r-devel-windows-x86_64 | 3.1.0 | 4.00 | 53.00 | 57.00 | OK | |
| r-patched-linux-x86_64 | 3.1.0 | 2.71 | 33.86 | 36.57 | OK | |
| r-release-linux-x86_64 | 3.1.0 | 2.28 | 33.86 | 36.14 | OK | |
| r-release-macos-arm64 | 3.1.0 | 1.00 | 20.00 | 21.00 | OK | |
| r-release-macos-x86_64 | 3.1.0 | 2.00 | 30.00 | 32.00 | OK | |
| r-release-windows-x86_64 | 3.1.0 | 5.00 | 52.00 | 57.00 | OK | |
| r-oldrel-macos-arm64 | 3.1.0 | 1.00 | 20.00 | 21.00 | OK | |
| r-oldrel-macos-x86_64 | 3.1.0 | 2.00 | 27.00 | 29.00 | OK | |
| r-oldrel-windows-x86_64 | 3.1.0 | 5.00 | 64.00 | 69.00 | OK |
Version: 3.1.0
Check: CRAN incoming feasibility
Result: NOTE
Maintainer: ‘Sebastian Henz <bastihz.dev@posteo.de>’
Found the following URLs which should use \doi (with the DOI name only):
File ‘ecxsys.Rd’:
https://doi.org/10.1038/s41598-019-51645-4
File ‘multi_tox.Rd’:
https://doi.org/10.1186/s12302-020-00394-7
File ‘multiple_stress.Rd’:
https://doi.org/10.1021/acs.est.9b04293
https://doi.org/10.1186/s12302-020-00394-7
File ‘stressaddition-package.Rd’:
https://doi.org/10.1038/s41598-019-51645-4
https://doi.org/10.1186/s12302-020-00394-7
Flavors: r-devel-linux-x86_64-debian-clang, r-devel-linux-x86_64-debian-gcc