Last updated on 2024-06-16 01:49:40 CEST.
Flavor | Version | Tinstall | Tcheck | Ttotal | Status | Flags |
---|---|---|---|---|---|---|
r-devel-linux-x86_64-debian-clang | 2.1-9 | 287.04 | 375.03 | 662.07 | OK | |
r-devel-linux-x86_64-debian-gcc | 2.1-9 | 184.59 | 253.80 | 438.39 | OK | |
r-devel-linux-x86_64-fedora-clang | 2.1-9 | 970.27 | OK | |||
r-devel-linux-x86_64-fedora-gcc | 2.1-9 | 867.20 | OK | |||
r-devel-windows-x86_64 | 2.1-9 | 210.00 | 312.00 | 522.00 | OK | |
r-patched-linux-x86_64 | 2.1-9 | 246.10 | 350.41 | 596.51 | OK | |
r-release-linux-x86_64 | 2.1-9 | 231.99 | 346.56 | 578.55 | OK | |
r-release-macos-arm64 | 2.1-9 | 169.00 | NOTE | |||
r-release-macos-x86_64 | 2.1-9 | 246.00 | WARN | |||
r-release-windows-x86_64 | 2.1-9 | 198.00 | 309.00 | 507.00 | OK | |
r-oldrel-macos-arm64 | 2.1-9 | 184.00 | NOTE | |||
r-oldrel-macos-x86_64 | 2.1-9 | 376.00 | NOTE | |||
r-oldrel-windows-x86_64 | 2.1-9 | 207.00 | 393.00 | 600.00 | OK |
Version: 2.1-9
Check: installed package size
Result: NOTE
installed size is 6.0Mb
sub-directories of 1Mb or more:
libs 4.8Mb
Flavors: r-release-macos-arm64, r-release-macos-x86_64, r-oldrel-macos-arm64, r-oldrel-macos-x86_64
Version: 2.1-9
Check: re-building of vignette outputs
Result: WARN
Error(s) in re-building vignettes:
...
--- re-building ‘StepR.Rnw’ using knitr
Error: processing vignette 'StepR.Rnw' failed with diagnostics:
Running 'texi2dvi' on 'StepR.tex' failed.
LaTeX errors:
! Undefined control sequence.
l.224 \hlkwd{set.seed}\hldef
{(}\hlnum{1}\hldef{)}
?
! Emergency stop.
! Emergency stop.
l.224
End of file on the terminal!
! ==> Fatal error occurred, no output PDF file produced!
--- failed re-building ‘StepR.Rnw’
SUMMARY: processing the following file failed:
‘StepR.Rnw’
Error: Vignette re-building failed.
Execution halted
Flavor: r-release-macos-x86_64